-- https://www.phpmyadmin.net/
--

START TRANSACTION;



--
-- Database: `dewey_db`
--

-- --------------------------------------------------------

--
-- Table structure for table `admission`
--

CREATE TABLE IF NOT EXISTS `admission` (
  `id` int NOT NULL AUTO_INCREMENT,
  `title` text COLLATE utf8_unicode_ci,
  `descriptions` text CHARACTER SET utf8 COLLATE utf8_unicode_ci,
  `date` date DEFAULT NULL,
  `users_id` int DEFAULT NULL,
  `images` text COLLATE utf8_unicode_ci,
  `active` int NOT NULL DEFAULT '1',
  PRIMARY KEY (`id`)
) ENGINE=MyISAM AUTO_INCREMENT=12 DEFAULT CHARSET=utf8mb3 COLLATE=utf8_unicode_ci;

--
-- Dumping data for table `admission`
--

INSERT INTO `admission` (`id`, `title`, `descriptions`, `date`, `users_id`, `images`, `active`) VALUES
(1, 're', NULL, NULL, NULL, NULL, 1),
(2, 'd', NULL, NULL, NULL, NULL, 1),
(3, 's', NULL, NULL, NULL, NULL, 1),
(4, 'd', NULL, NULL, NULL, NULL, 1),
(5, 's', NULL, NULL, 4, NULL, 1),
(6, 'ddddd', NULL, NULL, 4, NULL, 1),
(7, 'ffff', NULL, NULL, 4, NULL, 1),
(8, 'dwsadfsafd', NULL, '2024-12-12', 4, NULL, 1),
(9, 'df', '<p>df</p>', NULL, 4, 'image/admission/RSkKP5nXx5oneJVYGpEXEoBKCwrjFOJ1WmHgHdWP.jpg', 1),
(10, 'vdxvxz', '<p>c</p>', '2024-12-12', 4, 'image/admission/RDnPMZlMJjagoqaDkBoED5XvyeioT1eplhVEX8or.jpg', 1),
(11, 'ឆ្នាំសិក្សាថ្មី ២០២៣-២០២៤', '<p>សាកលវិទ្យាល័យអន្តរជាតិ ឌូវី មានកិត្តិយសសូមជម្រាបជូនដំណឹងដល់ មន្ត្រីរាជ្ជការ អ្នកស្រាវជ្រាវ និស្សិត និងសាធារណជនឱ្យបានជ្រាបថា សាកលវិទ្យាល័យនឹងផ្តល់ឱកាសសិក្សា ថ្នាក់បរិញ្ញាបត្រជាន់ខ្ពស់ (Master\'s Degree) សម្រាប់ឆ្នាំសិក្សាថ្មី ២០២៣-២០២៤ តាមរយៈការប្រឡងយកអាហារូបករណ៍រហូតដល់ ១០០% លើជំនាញដូចខាងក្រោម៖ ១.ជំនាញ អប់រំភាសាអង់គ្លេស(TESOL)  ២.ជំនាញ គ្រប់គ្រង ៣.ជំនាញ ហិរញ្ញវត្ថុ និងធនាគារ  ៤.ជំនាញ គ្រប់គ្រងទេសចរណ៍ និងបដិសណ្ឋារកិច្ច ៥.ជំនាញ នីតិឯកជន  ៦.ជំនាញ រដ្ឋបាលសាធារណៈ  ៧.ជំនាញ ទំនាក់ទំនងអន្តរជាតិ  ៨.ជំនាញ វិទ្យាសាស្ត្រនយោបាយ និងវិទ្យាសាស្ត្រសង្គម<br></p>', '2024-12-12', 4, 'image/admission/cQRTqqyCBikYtAX2r0twMrkIbCAldvcyC6mBRStu.jpg', 1);

-- --------------------------------------------------------

--
-- Table structure for table `campuses`
--

CREATE TABLE IF NOT EXISTS `campuses` (
  `id` int NOT NULL AUTO_INCREMENT,
  `campus_name` text COLLATE utf8_unicode_ci,
  `phone` text COLLATE utf8_unicode_ci,
  `fax` text CHARACTER SET utf8 COLLATE utf8_unicode_ci,
  `e_mail` text COLLATE utf8_unicode_ci,
  `website` text COLLATE utf8_unicode_ci,
  `addres` text CHARACTER SET utf8 COLLATE utf8_unicode_ci,
  `images` text COLLATE utf8_unicode_ci,
  `created_at` timestamp NOT NULL DEFAULT CURRENT_TIMESTAMP,
  `updated_at` timestamp NOT NULL DEFAULT CURRENT_TIMESTAMP ON UPDATE CURRENT_TIMESTAMP,
  `user_id` int DEFAULT NULL,
  `active` tinyint NOT NULL DEFAULT '1',
  PRIMARY KEY (`id`)
) ENGINE=MyISAM AUTO_INCREMENT=9 DEFAULT CHARSET=utf8mb3 COLLATE=utf8_unicode_ci;

--
-- Dumping data for table `campuses`
--

INSERT INTO `campuses` (`id`, `campus_name`, `phone`, `fax`, `e_mail`, `website`, `addres`, `images`, `created_at`, `updated_at`, `user_id`, `active`) VALUES
(1, 'អូចារ', '060512168', NULL, 'pensaron@gmail.com', 'xdadasf', 'Battambong City, Battambong Provice, Cambodia', 'image/campus/Td7zUBfFSjZKcgyGr1UDmFZgjWRNkIHwhxNFznUD.jpg', '2024-03-02 00:06:22', '2024-03-02 00:06:22', NULL, 1),
(2, 'អូចារ', '060512168', '234567890', 'pensaron@gmail.com', 'wertyuiopk[;\'', 'Battambong City, Battambong Provice, Cambodia', 'image/campus/Axhp9dYr2NtCIca4wG23zGUaEH3rtl178pRpOALz.jpg', '2024-03-02 00:12:29', '2024-03-02 00:12:29', NULL, 1),
(3, 'អូចារ', '060512168', '876543876', 'pensaron@gmail.com', 'diu.edu.kh', 'Battambong City, Battambong Provice, Cambodia', 'image/campus/DRZliWaZyn9JyAiAs06qiCRSibaELa2FGuDCGeHJ.jpg', '2024-03-02 03:50:09', '2024-03-02 03:50:09', NULL, 1),
(4, 'អូចារ', '060512168', '234567890', 'pensaron@gmail.com', 'diu.edu.kh', 'Battambong City, Battambong Provice, Cambodia', 'image/campus/jpHMjwZlvHmwuL8XHr6Q9XtaHaPcboP1NHJ7XBWl.jpg', '2024-03-02 03:50:29', '2024-03-02 03:50:29', NULL, 1),
(5, 'អូចារ', '060512168', '4567890', 'pensaron@gmail.com', 'diu.edu.kh', 'Battambong City, Battambong Provice, Cambodia', 'image/campus/odPbmOapQDL1ERqS3aWOpdVeVIjlA72CEOGbRI17.jpg', '2024-03-02 06:54:55', '2024-03-02 06:54:55', NULL, 1),
(6, 'អូចារ', '060512168', '4567890', 'pensaron@gmail.com', 'diu.edu.kh', 'Battambong City, Battambong Provice, Cambodia', 'image/campus/fOxxN1keaokxPGxzmbvhuJNy26CrwhHBohViu2RH.jpg', '2024-03-02 07:37:34', '2024-03-30 16:50:54', 4, 1),
(7, 'អូចារ', '060512168', '4567890', 'pensaron@gmail.com', 'diu.edu.kh', '4Battambong City, Battambong Provice, Cambodia', 'image/campus/YCjxSfJcyUGcRQjVuKqvKpn6siJeJY1FFf814JbH.jpg', '2024-03-02 07:38:37', '2024-03-02 07:38:37', NULL, 1),
(8, 'អូចារ', '060512168', '4567890', 'pensaron@gmail.com', 'diu.edu.kh', 'Battambong City, Battambong Provice, Cambodia', 'image/campus/clZJpBj2drOvcfSt9LRyYKEhi5RP4v0BZldfGJ2E.jpg', '2024-03-13 08:57:43', '2024-03-13 08:57:43', 4, 1);

-- --------------------------------------------------------

--
-- Table structure for table `clickedweb`
--

CREATE TABLE IF NOT EXISTS `clickedweb` (
  `id` int NOT NULL AUTO_INCREMENT,
  `event_id` int DEFAULT NULL,
  `click` int DEFAULT NULL,
  PRIMARY KEY (`id`)
) ENGINE=MyISAM DEFAULT CHARSET=utf8mb3 COLLATE=utf8_unicode_ci;

-- --------------------------------------------------------

--
-- Table structure for table `comments`
--

CREATE TABLE IF NOT EXISTS `comments` (
  `id` int NOT NULL AUTO_INCREMENT,
  `event_id` int DEFAULT NULL,
  `comment` text COLLATE utf8_unicode_ci,
  `users_id` int DEFAULT NULL,
  `e_mail` text COLLATE utf8_unicode_ci,
  `date` timestamp NULL DEFAULT CURRENT_TIMESTAMP,
  PRIMARY KEY (`id`)
) ENGINE=MyISAM AUTO_INCREMENT=33 DEFAULT CHARSET=utf8mb3 COLLATE=utf8_unicode_ci;

--
-- Dumping data for table `comments`
--

INSERT INTO `comments` (`id`, `event_id`, `comment`, `users_id`, `e_mail`, `date`) VALUES
(1, 1, 'd', 4, NULL, '2024-03-30 09:50:01'),
(2, 1, 'dcdsfns', 4, NULL, '2024-03-30 09:50:01'),
(3, 6, 'ddd', 4, NULL, '2024-03-30 09:50:01'),
(4, 2, 'dfghjkl', 4, NULL, '2024-03-30 09:50:01'),
(5, 6, 'sdfghjkl;', NULL, NULL, '2024-03-30 09:50:01'),
(6, 2, 'sdfhjk', NULL, NULL, '2024-03-30 09:50:01'),
(7, 1, 'dfghjk', NULL, NULL, '2024-03-30 09:50:01'),
(8, 1, 'dfghjkl', 4, NULL, '2024-03-30 09:50:01'),
(9, 2, 'wertyu', 4, NULL, '2024-03-30 09:50:01'),
(10, 2, 'fgh', 4, NULL, '2024-03-30 09:50:01'),
(11, 2, 'sdfg', 4, 'pensaron@gmail.com', '2024-03-30 09:50:01'),
(12, 3, 'fghjkl', 4, 'pensaron@gmail.com', '2024-03-30 09:50:01'),
(13, 2, 'g', 4, 'pensaron@gmail.com', '2024-03-30 09:50:01'),
(14, 5, 'fdbfdrtryhy', 4, 'pensaron@gmail.com', '2024-03-30 09:50:01'),
(15, 1, 'dfsftgrrtrrtyey', 4, 'pensaron@gmail.com', '2024-03-30 09:50:01'),
(16, 1, 'xvdsgsdrhytj', 4, 'pensaron@gmail.com', '2024-03-30 09:50:01'),
(17, 6, 'fg', 4, 'pensaron@gmail.com', '2024-03-30 09:50:01'),
(18, 6, 'vbgdn', 4, 'pensaron@gmail.com', '2024-03-30 09:50:01'),
(19, 3, 'ggggg', 4, 'pensaron@gmail.com', '2024-03-30 09:50:01'),
(20, 3, 'hhhhhh', 4, 'pensaron@gmail.com', '2024-03-30 09:50:01'),
(21, 2, 'x,ndakl,f', 4, 'pensaron@gmail.com', '2024-03-30 09:51:49'),
(22, 4, 'sdfghjkl', 4, 'pensaron@gmail.com', '2024-03-30 10:40:25'),
(23, 1, 'dfghjkl', 4, 'pensaron@gmail.com', '2024-03-30 11:28:39'),
(24, 3, 'hjkl', 3, 'pensaron@gmail.com', '2024-03-31 05:51:34'),
(25, 10, 'dfaf', 3, 'pensaron@gmail.com', '2024-04-03 09:27:43'),
(26, 10, 'dfgsrtryetuyr', 3, 'pensaron@gmail.com', '2024-04-03 09:27:53'),
(27, 35, 'wdwdwf', 3, 'pensaron@gmail.com', '2024-04-10 07:09:18'),
(28, 31, 'asdsf', 3, 'pensaron@gmail.com', '2024-04-24 08:31:43'),
(29, 37, 'ហហ', 3, 'pensaron@gmail.com', '2024-04-25 02:49:34'),
(30, 2, 'fffff', 3, 'pensaron@gmail.com', '2024-05-11 02:54:43'),
(31, 42, 'rffff', 3, 'pensaron@gmail.com', '2024-06-13 07:01:34'),
(32, 45, 'dgfdgfxgfxyt', 3, 'pensaron@gmail.com', '2024-08-17 06:38:20');

-- --------------------------------------------------------

--
-- Table structure for table `curriculums`
--

CREATE TABLE IF NOT EXISTS `curriculums` (
  `id` int NOT NULL AUTO_INCREMENT,
  `facul_id` int DEFAULT NULL,
  `depart_id` int DEFAULT NULL,
  `marjor_id` int DEFAULT NULL,
  `yaers` int DEFAULT NULL,
  `semesters` int DEFAULT NULL,
  `cod_id` varchar(100) COLLATE utf8_unicode_ci DEFAULT NULL,
  `subjects` varchar(200) COLLATE utf8_unicode_ci DEFAULT NULL,
  `hours` int DEFAULT NULL,
  `credits` int DEFAULT NULL,
  `credit_crateria` varchar(100) COLLATE utf8_unicode_ci DEFAULT NULL,
  `user_id` int DEFAULT NULL,
  `create_at` timestamp NULL DEFAULT NULL,
  `update_at` timestamp NULL DEFAULT NULL,
  PRIMARY KEY (`id`)
) ENGINE=MyISAM DEFAULT CHARSET=utf8mb3 COLLATE=utf8_unicode_ci;

-- --------------------------------------------------------

--
-- Table structure for table `departments`
--

CREATE TABLE IF NOT EXISTS `departments` (
  `id` int NOT NULL AUTO_INCREMENT,
  `facult_id` int DEFAULT NULL,
  `departname_kh` varchar(200) COLLATE utf8_unicode_ci DEFAULT NULL,
  `departname_en` varchar(200) COLLATE utf8_unicode_ci DEFAULT NULL,
  `active` int NOT NULL DEFAULT '1',
  PRIMARY KEY (`id`)
) ENGINE=MyISAM AUTO_INCREMENT=16 DEFAULT CHARSET=utf8mb3 COLLATE=utf8_unicode_ci;

--
-- Dumping data for table `departments`
--

INSERT INTO `departments` (`id`, `facult_id`, `departname_kh`, `departname_en`, `active`) VALUES
(1, 1, 'គ្រប់គ្រងពាណិជ្ជកម្ម', 'Business Management', 1),
(2, 1, 'ទីផ្សារ', 'Marketing', 1),
(3, 1, 'គណនេយ្យ', 'Accounting', 1),
(4, 1, 'ទេសចរណ៍ និងបដិសណ្ឋារកិច្ច', 'Tourism and Hospitality', 1),
(5, 1, 'វិទ្យាសាស្ត្របរិស្ថាន', 'Environmental Science', 1),
(6, 3, 'ព័ត៌មានវិទ្យា', 'Information and Technology', 1),
(7, 3, 'គណិតវិទ្យា', 'Mathematics', 1),
(8, 5, 'អភិវឌ្ឍន៍សហគមន៍', 'Community Development', 1),
(10, 5, 'វិទ្យាសាស្ត្រនយោបាយ', 'Political Science', 1),
(9, 5, 'សេដ្ឋកិច្ច', 'Economics', 1),
(11, 2, 'អក្សរសាស្ត្រអង់គ្លេស', 'English Language and Literature', 1),
(12, 1, 'ទស្សនវិទ្យា', 'Philosophy', 1),
(13, 4, 'វិទ្យាសាស្ត្រអប់រំ', 'Education Science', 1),
(14, 4, 'អប់រំភាសាអង់គ្លេស', 'TESOL', 1),
(15, 2, 'អក្សរសាស្ត្រខ្មែរ', 'Khmer Language', 1);

-- --------------------------------------------------------

--
-- Table structure for table `events`
--

CREATE TABLE IF NOT EXISTS `events` (
  `id` int NOT NULL AUTO_INCREMENT,
  `eventypes_id` int DEFAULT NULL,
  `title` text COLLATE utf8_unicode_ci,
  `description` text CHARACTER SET utf8 COLLATE utf8_unicode_ci,
  `img_events` text CHARACTER SET utf8 COLLATE utf8_unicode_ci,
  `more_image` json DEFAULT NULL,
  `events_date` date DEFAULT NULL,
  `user_id` int DEFAULT NULL,
  `create_at` timestamp NULL DEFAULT CURRENT_TIMESTAMP,
  `updated_at` timestamp NOT NULL DEFAULT CURRENT_TIMESTAMP ON UPDATE CURRENT_TIMESTAMP,
  `read` int DEFAULT '0',
  `active` tinyint(1) NOT NULL DEFAULT '1',
  PRIMARY KEY (`id`)
) ENGINE=MyISAM AUTO_INCREMENT=59 DEFAULT CHARSET=utf8mb3 COLLATE=utf8_unicode_ci;

--
-- Dumping data for table `events`
--

INSERT INTO `events` (`id`, `eventypes_id`, `title`, `description`, `img_events`, `more_image`, `events_date`, `user_id`, `create_at`, `updated_at`, `read`, `active`) VALUES
(1, 1, 'ពិធីសម្ពោធជាផ្លូវការកម្មវិធីសិក្សាសមមូល ២+២ ជាមួយសាកលវិទ្យាល័យ Kent State សហរដ្ឋអាមេរិក', '<p>សាកលវិទ្យាល័យអន្តរជាតិ ឌូវី ប្រទេសកម្ពុជា បានរៀបចំពិធីសម្ពោធជាផ្លូវការកម្មវិធីសិក្សាសមមូល ២+២ ជាមួយសាកលវិទ្យាល័យ Kent State សហរដ្ឋអាមេរិក នាថ្ងៃសុក្រ ១៣ រោច ខែមាឃ ឆ្នាំថោះ បញ្ចស័ក ពុទ្ធសករាជ ២៥៦៧ ត្រូវនឹងថ្ងៃទី៨ ខែមីនា ឆ្នាំ២០២៤ ។ ក្រោមអធិបតីភាពដ៏ខ្ពង់ខ្ពស់៖ -ឯកឧត្ដមបណ្ឌិត ទូច វិសាលសុខ រដ្ឋលេខាធិការក្រសួងអប់រំ យុវជន និងកីឡា តំណាងដ៏ខ្ពង់ខ្ពស់របស់ ឯកឧត្ដមបណ្ឌិតសភាចារ្យ ហង់ជួន ណារ៉ុន ឧបនាយករដ្ឋមន្ត្រី រដ្ឋមន្ត្រីក្រសួងអប់រំ យុវជន និងកីឡា&nbsp; -ឯកឧត្តម ផេង សិទ្ធី អភិបាលរង នៃគណៈអភិបាលខេត្តបាត់ដំបង តំណាងដ៏ខ្ពង់ខ្ពស់របស់ ឯកឧត្តម សុខ លូ អភិបាល នៃគណៈអភិបាលខេត្តបាត់ដំបង -ឯកឧត្តម ហ៊ឹល រ៉ាយ៉ា អភិបាលរង នៃគណៈអភិបាលខេត្តបន្ទាយមានជ័យ តំណាងដ៏ខ្ពង់ខ្ពស់របស់ ឯកឧត្តម អ៊ុំ រាត្រី អភិបាល នៃគណៈអភិបាលខេត្តបន្ទាយមានជ័យ -ឯកឧត្តមបណ្ឌិត ហែម ឬទ្ធី អភិបាលរង នៃគណៈអភិបាលខេត្តប៉ៃលិន តំណាងដ៏ខ្ពង់ខ្ពស់របស់ លោកជំទាវ បាន ស្រីមុំ អភិបាល នៃគណៈអភិបាលខេត្តប៉ៃលិន -លោក យូ វីរៈ អគ្គនាយករង នៃអគ្គនាយកដ្ឋានឧត្តមសិក្សា -លោកស្រី Gwendolyn Higaki ប្រធានក្រុមប្រឹក្សាភិបាល នៃសាកលវិទ្យាល័យអន្តរជាតិ ឌូវី -លោក ខែម រស្មី ស្ថាបនិក និងអគ្គនាយក នៃក្រុមហ៊ុន ឌូវី អ៊ិនធើណេសិនណល -លោក Vernon Higaki សមាជិកក្រុមប្រឹក្សាភិបាល នៃសាកលវិទ្យាល័យអន្តរជាតិ ឌូវី -លោកស្រីបណ្ឌិត Melody Tankersley សាកលវិទ្យាធិការរងជាន់ខ្ពស់នៃសាកលវិទ្យាល័យ Kent State សហរដ្ឋអាមេរិក -លោកបណ្ឌិត Marcello Fantoni សាកលវិទ្យាធិការរងនៃសាកលវិទ្យាល័យ Kent State សហរដ្ឋអាមេរិក និងមានការចូលរួមពីសំណាក់ ទ្រង់ឯកឧត្ដម លោកជំទាវ លោក លោកស្រី អ្នកនាងកញ្ញា ដែលជាថ្នាក់ដឹកនាំខេត្ត មន្ទីរ ស្ថាប័ន ក្រុមហ៊ុនឯកជន គ្រឹះស្ថានសិក្សាសាធារណៈ គ្រឹះស្ថានសិក្សាឯកជន ម្ចាស់អាជីវកម្ម លោកគ្រូ អ្នកគ្រូ និងមាតាបិតា អ្នកអាណាព្យាបាលសិស្សយ៉ាងច្រើនកុះករផងដែរ។&nbsp; &nbsp;គណៈគ្រប់គ្រង និងបុគ្គលិកគ្រប់លំដាប់ថ្នាក់ទាំងអស់ ពិតជាមានសេចក្ដីសោមនស្សរីករាយក្រៃលែង និងសូមគោរពថ្លែងអំណរគុណយ៉ាងជ្រាលជ្រៅបំផុតចំពោះវត្តមានដ៏ឧត្ដុង្គឧត្ដមរបស់ ទ្រង់ឯកឧត្ដម លោកជំទាវ លោក លោកស្រី អ្នកនាងកញ្ញា ដែលជាអធិបតី គណៈអធិបតី ភ្ញៀវកិត្តិយសជាតិ និងអន្តរជាតិទាំងអស់។<br></p>', 'image/event/OlJfhI1UAINItFkxEMmfZoU7KjE11truI0pTZxJM.jpg', '[\"421813620_412804624435472_7753317646367891253_n - Copy.jpg\", \"422300580_412804654435469_8541559066448665706_n (1).jpg\", \"422300580_412804654435469_8541559066448665706_n.jpg\"]', '2024-10-12', 4, '2024-03-23 07:38:37', '2026-03-04 05:05:11', 1011, 1),
(2, 1, 'ការប្រឡងវគ្គពាក់កណ្តាលឆមាស(Mid-term)', '<p>សាកលវិទ្យាល័យអន្តរជាតិ ឌូវី ប្រទេសកម្ពុជា បានរៀបចំពិធីសម្ពោធជាផ្លូវការកម្មវិធីសិក្សាសមមូល ២+២ ជាមួយសាកលវិទ្យាល័យ Kent State សហរដ្ឋអាមេរិក នាថ្ងៃសុក្រ ១៣ រោច ខែមាឃ ឆ្នាំថោះ បញ្ចស័ក ពុទ្ធសករាជ ២៥៦៧ ត្រូវនឹងថ្ងៃទី៨ ខែមីនា ឆ្នាំ២០២៤ ។ ក្រោមអធិបតីភាពដ៏ខ្ពង់ខ្ពស់៖ -ឯកឧត្ដមបណ្ឌិត ទូច វិសាលសុខ រដ្ឋលេខាធិការក្រសួងអប់រំ យុវជន និងកីឡា តំណាងដ៏ខ្ពង់ខ្ពស់របស់ ឯកឧត្ដមបណ្ឌិតសភាចារ្យ ហង់ជួន ណារ៉ុន ឧបនាយករដ្ឋមន្ត្រី រដ្ឋមន្ត្រីក្រសួងអប់រំ យុវជន និងកីឡា&nbsp; -ឯកឧត្តម ផេង សិទ្ធី អភិបាលរង នៃគណៈអភិបាលខេត្តបាត់ដំបង តំណាងដ៏ខ្ពង់ខ្ពស់របស់ ឯកឧត្តម សុខ លូ អភិបាល នៃគណៈអភិបាលខេត្តបាត់ដំបង -ឯកឧត្តម ហ៊ឹល រ៉ាយ៉ា អភិបាលរង នៃគណៈអភិបាលខេត្តបន្ទាយមានជ័យ តំណាងដ៏ខ្ពង់ខ្ពស់របស់ ឯកឧត្តម អ៊ុំ រាត្រី អភិបាល នៃគណៈអភិបាលខេត្តបន្ទាយមានជ័យ -ឯកឧត្តមបណ្ឌិត ហែម ឬទ្ធី អភិបាលរង នៃគណៈអភិបាលខេត្តប៉ៃលិន តំណាងដ៏ខ្ពង់ខ្ពស់របស់ លោកជំទាវ បាន ស្រីមុំ អភិបាល នៃគណៈអភិបាលខេត្តប៉ៃលិន -លោក យូ វីរៈ អគ្គនាយករង នៃអគ្គនាយកដ្ឋានឧត្តមសិក្សា -លោកស្រី Gwendolyn Higaki ប្រធានក្រុមប្រឹក្សាភិបាល នៃសាកលវិទ្យាល័យអន្តរជាតិ ឌូវី -លោក ខែម រស្មី ស្ថាបនិក និងអគ្គនាយក នៃក្រុមហ៊ុន ឌូវី អ៊ិនធើណេសិនណល -លោក Vernon Higaki សមាជិកក្រុមប្រឹក្សាភិបាល នៃសាកលវិទ្យាល័យអន្តរជាតិ ឌូវី -លោកស្រីបណ្ឌិត Melody Tankersley សាកលវិទ្យាធិការរងជាន់ខ្ពស់នៃសាកលវិទ្យាល័យ Kent State សហរដ្ឋអាមេរិក -លោកបណ្ឌិត Marcello Fantoni សាកលវិទ្យាធិការរងនៃសាកលវិទ្យាល័យ Kent State សហរដ្ឋអាមេរិក និងមានការចូលរួមពីសំណាក់ ទ្រង់ឯកឧត្ដម លោកជំទាវ លោក លោកស្រី អ្នកនាងកញ្ញា ដែលជាថ្នាក់ដឹកនាំខេត្ត មន្ទីរ ស្ថាប័ន ក្រុមហ៊ុនឯកជន គ្រឹះស្ថានសិក្សាសាធារណៈ គ្រឹះស្ថានសិក្សាឯកជន ម្ចាស់អាជីវកម្ម លោកគ្រូ អ្នកគ្រូ និងមាតាបិតា អ្នកអាណាព្យាបាលសិស្សយ៉ាងច្រើនកុះករផងដែរ។&nbsp; &nbsp;គណៈគ្រប់គ្រង និងបុគ្គលិកគ្រប់លំដាប់ថ្នាក់ទាំងអស់ ពិតជាមានសេចក្ដីសោមនស្សរីករាយក្រៃលែង និងសូមគោរពថ្លែងអំណរគុណយ៉ាងជ្រាលជ្រៅបំផុតចំពោះវត្តមានដ៏ឧត្ដុង្គឧត្ដមរបស់ ទ្រង់ឯកឧត្ដម លោកជំទាវ លោក លោកស្រី អ្នកនាងកញ្ញា ដែលជាអធិបតី គណៈអធិបតី ភ្ញៀវកិត្តិយសជាតិ និងអន្តរជាតិទាំងអស់។<br></p>', 'image/event/3qQKJH32YPBvzjCe25fQqOV66VcNixhAxbHIJQ9a.jpg', '[\"421813620_412804624435472_7753317646367891253_n - Copy.jpg\", \"422300580_412804654435469_8541559066448665706_n (1).jpg\", \"422300580_412804654435469_8541559066448665706_n.jpg\"]', '2024-10-12', 4, '2024-03-23 07:43:44', '2024-09-17 00:24:37', 69, 1),
(4, 1, 'ពិធីសម្ពោធជាផ្លូវការកម្មវិធីសិក្សាសមមូល ២+២ ជាមួយសាកលវិទ្យាល័យ Kent State សហរដ្ឋអាមេរិក', 'សាកលវិទ្យាល័យអន្តរជាតិ ឌូវី ប្រទេសកម្ពុជា បានរៀបចំពិធីសម្ពោធជាផ្លូវការកម្មវិធីសិក្សាសមមូល ២+២ ជាមួយសាកលវិទ្យាល័យ Kent State សហរដ្ឋអាមេរិក នាថ្ងៃសុក្រ ១៣ រោច ខែមាឃ ឆ្នាំថោះ បញ្ចស័ក ពុទ្ធសករាជ ២៥៦៧ ត្រូវនឹងថ្ងៃទី៨ ខែមីនា ឆ្នាំ២០២៤ ។ ក្រោមអធិបតីភាពដ៏ខ្ពង់ខ្ពស់៖ -ឯកឧត្ដមបណ្ឌិត ទូច វិសាលសុខ រដ្ឋលេខាធិការក្រសួងអប់រំ យុវជន និងកីឡា តំណាងដ៏ខ្ពង់ខ្ពស់របស់ ឯកឧត្ដមបណ្ឌិតសភាចារ្យ ហង់ជួន ណារ៉ុន ឧបនាយករដ្ឋមន្ត្រី រដ្ឋមន្ត្រីក្រសួងអប់រំ យុវជន និងកីឡា  -ឯកឧត្តម ផេង សិទ្ធី អភិបាលរង នៃគណៈអភិបាលខេត្តបាត់ដំបង តំណាងដ៏ខ្ពង់ខ្ពស់របស់ ឯកឧត្តម សុខ លូ អភិបាល នៃគណៈអភិបាលខេត្តបាត់ដំបង -ឯកឧត្តម ហ៊ឹល រ៉ាយ៉ា អភិបាលរង នៃគណៈអភិបាលខេត្តបន្ទាយមានជ័យ តំណាងដ៏ខ្ពង់ខ្ពស់របស់ ឯកឧត្តម អ៊ុំ រាត្រី អភិបាល នៃគណៈអភិបាលខេត្តបន្ទាយមានជ័យ -ឯកឧត្តមបណ្ឌិត ហែម ឬទ្ធី អភិបាលរង នៃគណៈអភិបាលខេត្តប៉ៃលិន តំណាងដ៏ខ្ពង់ខ្ពស់របស់ លោកជំទាវ បាន ស្រីមុំ អភិបាល នៃគណៈអភិបាលខេត្តប៉ៃលិន -លោក យូ វីរៈ អគ្គនាយករង នៃអគ្គនាយកដ្ឋានឧត្តមសិក្សា -លោកស្រី Gwendolyn Higaki ប្រធានក្រុមប្រឹក្សាភិបាល នៃសាកលវិទ្យាល័យអន្តរជាតិ ឌូវី -លោក ខែម រស្មី ស្ថាបនិក និងអគ្គនាយក នៃក្រុមហ៊ុន ឌូវី អ៊ិនធើណេសិនណល -លោក Vernon Higaki សមាជិកក្រុមប្រឹក្សាភិបាល នៃសាកលវិទ្យាល័យអន្តរជាតិ ឌូវី -លោកស្រីបណ្ឌិត Melody Tankersley សាកលវិទ្យាធិការរងជាន់ខ្ពស់នៃសាកលវិទ្យាល័យ Kent State សហរដ្ឋអាមេរិក -លោកបណ្ឌិត Marcello Fantoni សាកលវិទ្យាធិការរងនៃសាកលវិទ្យាល័យ Kent State សហរដ្ឋអាមេរិក និងមានការចូលរួមពីសំណាក់ ទ្រង់ឯកឧត្ដម លោកជំទាវ លោក លោកស្រី អ្នកនាងកញ្ញា ដែលជាថ្នាក់ដឹកនាំខេត្ត មន្ទីរ ស្ថាប័ន ក្រុមហ៊ុនឯកជន គ្រឹះស្ថានសិក្សាសាធារណៈ គ្រឹះស្ថានសិក្សាឯកជន ម្ចាស់អាជីវកម្ម លោកគ្រូ អ្នកគ្រូ និងមាតាបិតា អ្នកអាណាព្យាបាលសិស្សយ៉ាងច្រើនកុះករផងដែរ។   គណៈគ្រប់គ្រង និងបុគ្គលិកគ្រប់លំដាប់ថ្នាក់ទាំងអស់ ពិតជាមានសេចក្ដីសោមនស្សរីករាយក្រៃលែង និងសូមគោរពថ្លែងអំណរគុណយ៉ាងជ្រាលជ្រៅបំផុតចំពោះវត្តមានដ៏ឧត្ដុង្គឧត្ដមរបស់ ទ្រង់ឯកឧត្ដម លោកជំទាវ លោក លោកស្រី អ្នកនាងកញ្ញា ដែលជាអធិបតី គណៈអធិបតី ភ្ញៀវកិត្តិយសជាតិ និងអន្តរជាតិទាំងអស់។', 'image/event/vqcllndoEM4Qg7fxF9r0XW3SELbwc0yBLCEj4zEY.jpg', '[\"421813620_412804624435472_7753317646367891253_n - Copy.jpg\", \"422300580_412804654435469_8541559066448665706_n (1).jpg\", \"422300580_412804654435469_8541559066448665706_n.jpg\"]', '2024-10-12', 4, '2024-03-24 12:53:51', '2024-06-22 07:39:27', 100, 1),
(3, 1, 'asdaf', 'fkjfnkqetnqjk3\r\nasgwmtleyn\r\naeyeluk\r\nahwer;uk46p5', 'image/event/kI2g7xGMUtJsWZkXiAqwKrQwDQCgnUYA6z3POwbJ.jpg', '[\"421813620_412804624435472_7753317646367891253_n - Copy.jpg\", \"422300580_412804654435469_8541559066448665706_n (1).jpg\", \"422300580_412804654435469_8541559066448665706_n.jpg\"]', '2024-10-12', 4, '2024-03-24 12:42:16', '2024-07-05 01:10:28', 44, 1),
(5, 1, 'ពិធីសម្ពោធជាផ្លូវការកម្មវិធីសិក្សាសមមូល ២+២ ជាមួយសាកលវិទ្យាល័យ Kent State សហរដ្ឋអាមេរិក', 'សាកលវិទ្យាល័យអន្តរជាតិ ឌូវី ប្រទេសកម្ពុជា បានរៀបចំពិធីសម្ពោធជាផ្លូវការកម្មវិធីសិក្សាសមមូល ២+២ ជាមួយសាកលវិទ្យាល័យ Kent State សហរដ្ឋអាមេរិក នាថ្ងៃសុក្រ ១៣ រោច ខែមាឃ ឆ្នាំថោះ បញ្ចស័ក ពុទ្ធសករាជ ២៥៦៧ ត្រូវនឹងថ្ងៃទី៨ ខែមីនា ឆ្នាំ២០២៤ ។ ក្រោមអធិបតីភាពដ៏ខ្ពង់ខ្ពស់៖ -ឯកឧត្ដមបណ្ឌិត ទូច វិសាលសុខ រដ្ឋលេខាធិការក្រសួងអប់រំ យុវជន និងកីឡា តំណាងដ៏ខ្ពង់ខ្ពស់របស់ ឯកឧត្ដមបណ្ឌិតសភាចារ្យ ហង់ជួន ណារ៉ុន ឧបនាយករដ្ឋមន្ត្រី រដ្ឋមន្ត្រីក្រសួងអប់រំ យុវជន និងកីឡា -ឯកឧត្តម ផេង សិទ្ធី អភិបាលរង នៃគណៈអភិបាលខេត្តបាត់ដំបង តំណាងដ៏ខ្ពង់ខ្ពស់របស់ ឯកឧត្តម សុខ លូ អភិបាល នៃគណៈអភិបាលខេត្តបាត់ដំបង -ឯកឧត្តម ហ៊ឹល រ៉ាយ៉ា អភិបាលរង នៃគណៈអភិបាលខេត្តបន្ទាយមានជ័យ តំណាងដ៏ខ្ពង់ខ្ពស់របស់ ឯកឧត្តម អ៊ុំ រាត្រី អភិបាល នៃគណៈអភិបាលខេត្តបន្ទាយមានជ័យ -ឯកឧត្តមបណ្ឌិត ហែម ឬទ្ធី អភិបាលរង នៃគណៈអភិបាលខេត្តប៉ៃលិន តំណាងដ៏ខ្ពង់ខ្ពស់របស់ លោកជំទាវ បាន ស្រីមុំ អភិបាល នៃគណៈអភិបាលខេត្តប៉ៃលិន -លោក យូ វីរៈ អគ្គនាយករង នៃអគ្គនាយកដ្ឋានឧត្តមសិក្សា -លោកស្រី Gwendolyn Higaki ប្រធានក្រុមប្រឹក្សាភិបាល នៃសាកលវិទ្យាល័យអន្តរជាតិ ឌូវី -លោក ខែម រស្មី ស្ថាបនិក និងអគ្គនាយក នៃក្រុមហ៊ុន ឌូវី អ៊ិនធើណេសិនណល -លោក Vernon Higaki សមាជិកក្រុមប្រឹក្សាភិបាល នៃសាកលវិទ្យាល័យអន្តរជាតិ ឌូវី -លោកស្រីបណ្ឌិត Melody Tankersley សាកលវិទ្យាធិការរងជាន់ខ្ពស់នៃសាកលវិទ្យាល័យ Kent State សហរដ្ឋអាមេរិក -លោកបណ្ឌិត Marcello Fantoni សាកលវិទ្យាធិការរងនៃសាកលវិទ្យាល័យ Kent State សហរដ្ឋអាមេរិក និងមានការចូលរួមពីសំណាក់ ទ្រង់ឯកឧត្ដម លោកជំទាវ លោក លោកស្រី អ្នកនាងកញ្ញា ដែលជាថ្នាក់ដឹកនាំខេត្ត មន្ទីរ ស្ថាប័ន ក្រុមហ៊ុនឯកជន គ្រឹះស្ថានសិក្សាសាធារណៈ គ្រឹះស្ថានសិក្សាឯកជន ម្ចាស់អាជីវកម្ម លោកគ្រូ អ្នកគ្រូ និងមាតាបិតា អ្នកអាណាព្យាបាលសិស្សយ៉ាងច្រើនកុះករផងដែរ។ គណៈគ្រប់គ្រង និងបុគ្គលិកគ្រប់លំដាប់ថ្នាក់ទាំងអស់ ពិតជាមានសេចក្ដីសោមនស្សរីករាយក្រៃលែង និងសូមគោរពថ្លែងអំណរគុណយ៉ាងជ្រាលជ្រៅបំផុតចំពោះវត្តមានដ៏ឧត្ដុង្គឧត្ដមរបស់ ទ្រង់ឯកឧត្ដម លោកជំទាវ លោក លោកស្រី អ្នកនាងកញ្ញា ដែលជាអធិបតី គណៈអធិបតី ភ្ញៀវកិត្តិយសជាតិ និងអន្តរជាតិទាំងអស់។', 'image/event/Be1svNWDJL8tEqVy5PbZR2HVpIXhOnRGP7dqH9os.jpg', '[\"421813620_412804624435472_7753317646367891253_n - Copy.jpg\", \"422300580_412804654435469_8541559066448665706_n (1).jpg\", \"422300580_412804654435469_8541559066448665706_n.jpg\"]', '2024-10-12', 4, '2024-03-24 12:55:03', '2024-05-03 01:29:08', 44, 1),
(6, 2, 'ការធ្វើបទបង្ហាញអាជីវកម្ម', 'ការធ្វើបទបង្ហាញអាជីវកម្ម', 'image/event/4bdMZvaksI4wsKMESrq9WDNN3sEZytLALoE1GJyv.jpg', '[\"421813620_412804624435472_7753317646367891253_n - Copy.jpg\", \"422300580_412804654435469_8541559066448665706_n (1).jpg\", \"422300580_412804654435469_8541559066448665706_n.jpg\"]', '2024-10-12', 4, '2024-03-24 17:02:13', '2024-05-10 07:13:24', 92, 1),
(7, 1, 'vlksdgr;lt', 'fdlgk.wrrp;dfkvp;ly', 'image/event/omUHV7BeX7Cl9eOMNDwqgj5GiwEBZ0b3cEG2UflS.jpg', '[\"421813620_412804624435472_7753317646367891253_n - Copy.jpg\", \"422300580_412804654435469_8541559066448665706_n (1).jpg\", \"422300580_412804654435469_8541559066448665706_n.jpg\"]', '2024-10-12', 4, '2024-03-30 12:05:52', '2024-05-03 01:29:03', 25, 1),
(8, 1, 'dflrgkopdvks,r;5ylkw[rs', ';fdlg.,r;5ywkdfz0c-vpal;mreyl34ksioIFQ', 'image/event/h9fhzV2mEJW0PvHIQh3erVVPO1BNnTIzaUzaQyB7.jpg', '[\"421813620_412804624435472_7753317646367891253_n - Copy.jpg\", \"422300580_412804654435469_8541559066448665706_n (1).jpg\", \"422300580_412804654435469_8541559066448665706_n.jpg\"]', '2024-02-29', 4, '2024-03-30 14:19:03', '2024-05-03 01:29:00', 4, 1),
(9, 4, 'សាកលវិទ្យាល័យអន្តរជាតិ ឌូវី ប្រទេសកម្ពុជា បានរៀបចំពិធីសម្ពោធជាផ្លូវការកម្មវិធីសិក្សាសមមូល ២+២ ជាមួយសាកលវិទ្យាល័យ Kent State សហរដ្ឋអាមេរិក នាថ្ងៃសុក្រ ១៣ រោច ខែមាឃ ឆ្នាំថោះ បញ្ចស័ក ពុទ្ធសករាជ ២៥៦៧ ត្រូវនឹងថ្ងៃទី៨ ខែមីនា ឆ្នាំ២០២៤ ។', '<span style=\"text-align: justify;\">សាកលវិទ្យាល័យអន្តរជាតិ ឌូវី ប្រទេសកម្ពុជា បានរៀបចំពិធីសម្ពោធជាផ្លូវការកម្មវិធីសិក្សាសមមូល ២+២ ជាមួយសាកលវិទ្យាល័យ Kent State សហរដ្ឋអាមេរិក នាថ្ងៃសុក្រ ១៣ រោច ខែមាឃ ឆ្នាំថោះ បញ្ចស័ក ពុទ្ធសករាជ ២៥៦៧ ត្រូវនឹងថ្ងៃទី៨ ខែមីនា ឆ្នាំ២០២៤ ។ ក្រោមអធិបតីភាពដ៏ខ្ពង់ខ្ពស់៖ -ឯកឧត្ដមបណ្ឌិត ទូច វិសាលសុខ រដ្ឋលេខាធិការក្រសួងអប់រំ យុវជន និងកីឡា តំណាងដ៏ខ្ពង់ខ្ពស់របស់ ឯកឧត្ដមបណ្ឌិតសភាចារ្យ ហង់ជួន ណារ៉ុន ឧបនាយករដ្ឋមន្ត្រី រដ្ឋមន្ត្រីក្រសួងអប់រំ យុវជន និងកីឡា -ឯកឧត្តម ផេង សិទ្ធី អភិបាលរង នៃគណៈអភិបាលខេត្តបាត់ដំបង តំណាងដ៏ខ្ពង់ខ្ពស់របស់ ឯកឧត្តម សុខ លូ អភិបាល នៃគណៈអភិបាលខេត្តបាត់ដំបង -ឯកឧត្តម ហ៊ឹល រ៉ាយ៉ា អភិបាលរង នៃគណៈអភិបាលខេត្តបន្ទាយមានជ័យ តំណាងដ៏ខ្ពង់ខ្ពស់របស់ ឯកឧត្តម អ៊ុំ រាត្រី អភិបាល នៃគណៈអភិបាលខេត្តបន្ទាយមានជ័យ -ឯកឧត្តមបណ្ឌិត ហែម ឬទ្ធី អភិបាលរង នៃគណៈអភិបាលខេត្តប៉ៃលិន តំណាងដ៏ខ្ពង់ខ្ពស់របស់ លោកជំទាវ បាន ស្រីមុំ អភិបាល នៃគណៈ</span>', 'image/event/OpCQy1yQbJaAz3RvWrMaOkuxEBKD593lgTsIKtrE.jpg', '[\"421813620_412804624435472_7753317646367891253_n - Copy.jpg\", \"422300580_412804654435469_8541559066448665706_n (1).jpg\", \"422300580_412804654435469_8541559066448665706_n.jpg\"]', '2024-02-29', 3, '2024-03-31 00:08:03', '2024-05-03 01:28:58', 2, 1),
(10, 4, 'សាកលវិទ្យាល័យអន្តរជាតិ ឌូវី ប្រទេសកម្ពុជា បានរៀបចំពិធីសម្ពោធជាផ្លូវការកម្មវិធីសិក្សា', 'សាកលវិទ្យាល័យអន្តរជាតិ ឌូវី ប្រទេសកម្ពុជា បានរៀបចំពិធីសម្ពោធជាផ្លូវការកម្មវិធីសិក្សា', 'image/event/vCfX7bglagjvDW5yyYKYoNXoyHGLpnUpiADRfKxM.jpg', '[\"421813620_412804624435472_7753317646367891253_n - Copy.jpg\", \"422300580_412804654435469_8541559066448665706_n (1).jpg\", \"422300580_412804654435469_8541559066448665706_n.jpg\"]', '2024-10-12', 3, '2024-03-31 04:47:26', '2024-05-03 01:28:55', 5, 1),
(11, 1, 'xc', 'xfadfa', 'image/event/LovlFVePFrB2A9oav0BINQTX7DonM9brSDDLtuqX.jpg', '[\"421813620_412804624435472_7753317646367891253_n - Copy.jpg\", \"422300580_412804654435469_8541559066448665706_n (1).jpg\", \"422300580_412804654435469_8541559066448665706_n.jpg\"]', '2024-10-12', 3, '2024-04-01 15:46:50', '2024-05-03 01:28:52', 0, 1),
(12, 1, 'd', 'xsdvd', 'image/event/iceIq9O1mzSyLdY5MR0pSH0HjDIDiNwWcCxgT6xQ.jpg', '[\"421813620_412804624435472_7753317646367891253_n - Copy.jpg\", \"422300580_412804654435469_8541559066448665706_n (1).jpg\", \"422300580_412804654435469_8541559066448665706_n.jpg\"]', '2024-10-12', 3, '2024-04-01 15:48:28', '2024-05-03 01:28:48', 1, 1),
(14, 1, 'efre', 'sds', 'image/event/9rNSbCWVVksWXFZ8dhSwbRo0AQmtsU4zOXW0evng.jpg', '[\"421813620_412804624435472_7753317646367891253_n - Copy.jpg\", \"422300580_412804654435469_8541559066448665706_n (1).jpg\", \"422300580_412804654435469_8541559066448665706_n.jpg\"]', '2024-10-12', 3, '2024-04-01 15:54:56', '2024-05-03 01:28:44', 0, 1),
(19, 1, 's', 'd', 'image/event/ADlA1NaBGMapnZjtxoycj1tut9vl48T7bhLBvNio.jpg', '[\"421813620_412804624435472_7753317646367891253_n - Copy.jpg\", \"422300580_412804654435469_8541559066448665706_n (1).jpg\", \"422300580_412804654435469_8541559066448665706_n.jpg\"]', '2024-10-12', 3, '2024-04-01 16:12:37', '2024-05-03 01:28:42', 1, 1),
(23, 1, 's', 'DSkfael', 'image/event/CMcqyXH5RIHb27S15rz5hi2n7RmuJOWeLVSTSO9B.jpg', '[\"421813620_412804624435472_7753317646367891253_n - Copy.jpg\", \"422300580_412804654435469_8541559066448665706_n (1).jpg\", \"422300580_412804654435469_8541559066448665706_n.jpg\"]', '2024-10-12', 3, '2024-04-01 16:16:31', '2024-05-03 01:28:39', 2, 1),
(25, 1, 's', 'sdf', 'image/event/pMcURMz8MSptDDaOQuwaTTfMouf4XJI4RAywUDxc.jpg', '[\"421813620_412804624435472_7753317646367891253_n - Copy.jpg\", \"422300580_412804654435469_8541559066448665706_n (1).jpg\", \"422300580_412804654435469_8541559066448665706_n.jpg\"]', '2024-10-12', 3, '2024-04-01 16:17:20', '2024-05-03 01:28:37', 1, 1),
(27, 1, 'd', 'd', 'image/event/Jw5Hy1fl5x72Ed2b1cZa52qlAFMJikvPWEawcLZq.jpg', '[\"421813620_412804624435472_7753317646367891253_n - Copy.jpg\", \"422300580_412804654435469_8541559066448665706_n (1).jpg\", \"422300580_412804654435469_8541559066448665706_n.jpg\"]', '2024-10-12', 3, '2024-04-01 16:19:58', '2024-05-03 01:28:34', 2, 1),
(28, 1, 'dfghj', 'dfghjkl;', 'image/event/gr9PM5LZgsLMzBFy4ZcCSLch63zGQSd4SPFXjVIV.jpg', '[\"421813620_412804624435472_7753317646367891253_n - Copy.jpg\", \"422300580_412804654435469_8541559066448665706_n (1).jpg\", \"422300580_412804654435469_8541559066448665706_n.jpg\"]', '2024-10-12', 3, '2024-04-06 04:58:31', '2024-05-10 07:29:03', 1, 1),
(29, 1, 'rtyui', 'rtp;\'', 'image/event/bRnkt1cFsf4XsyuAjO89SqyKMUMCny0JU0wnngPd.jpg', '[\"421813620_412804624435472_7753317646367891253_n - Copy.jpg\", \"422300580_412804654435469_8541559066448665706_n (1).jpg\", \"422300580_412804654435469_8541559066448665706_n.jpg\"]', '2024-10-12', 3, '2024-04-06 05:00:30', '2024-05-03 01:28:18', 3, 1),
(30, 2, 'sdfgh', 'fghj', 'image/event/IqsfkFOvqkfib8jPQGety4irMMT3Lfm6doeLPIAI.jpg', '[\"421813620_412804624435472_7753317646367891253_n - Copy.jpg\", \"422300580_412804654435469_8541559066448665706_n (1).jpg\", \"422300580_412804654435469_8541559066448665706_n.jpg\"]', '2024-10-12', 4, '2024-04-06 08:06:36', '2025-03-10 16:10:26', 2, 1),
(31, 1, 'wertyi', 'ertyu', 'image/event/J4bmNvT7IcqFZ2ueOFoH6qQvJimnXUfsLo32DAv9.jpg', '[\"421813620_412804624435472_7753317646367891253_n - Copy.jpg\", \"422300580_412804654435469_8541559066448665706_n (1).jpg\", \"422300580_412804654435469_8541559066448665706_n.jpg\"]', '2024-02-29', 4, '2024-04-06 08:07:01', '2025-03-10 16:10:19', 6, 1),
(32, 1, 'សាកលវិទ្យាល័យអន្តរជាតិ ឌូវី ប្រទេសកម្ពុជា បានរៀបចំពិធីសម្ពោធជាផ្លូវការកម្មវិធីសិក្សាសមមូល ២+២ ជាមួយសាកលវិទ្យាល័យ Kent State សហរដ្ឋអាមេរិក នាថ្ងៃសុក្រ ១៣ រោច ខែមាឃ ឆ្នាំថោះ បញ្ចស័ក ពុទ្ធសករាជ ២៥៦៧ ត្រូវនឹងថ្ងៃទី៨ ខែមីនា ឆ្នាំ២០២៤ ។ ក្រោមអធិបតីភាពដ៏ខ្ពង់ខ្ពស់៖ -ឯកឧត្ដមបណ្ឌិត ទូច វិសាលសុខ រដ្ឋលេខាធិការក្រសួងអប់រំ យុវជន និងកីឡា តំណាងដ៏ខ្ពង់ខ្ពស់របស់ ឯកឧត្ដមបណ្ឌិតសភាចារ្យ ហង់ជួន ណារ៉ុន ឧបនាយករដ្ឋមន្ត្រី រដ្ឋមន្ត្រីក្រសួងអប់រំ យុវជន និងកីឡា -ឯកឧត្តម ផេង សិទ្ធី អភិបាលរង នៃគណៈអភិបាលខេត្តបាត់ដំបង តំណាងដ៏ខ្ពង់ខ្ពស់របស់ ឯកឧត្តម សុខ លូ អភិបាល នៃគណៈអភិបាលខេត្តបាត់ដំបង -ឯកឧត្តម ហ៊ឹល រ៉ាយ៉ា អភិបាលរង នៃគណៈអភិបាលខេត្តបន្ទាយមានជ័យ តំណាងដ៏ខ្ពង់ខ្ពស់របស់ ឯកឧត្តម អ៊ុំ រាត្រី អភិបាល នៃគណៈអភិបាលខេត្តបន្ទាយមានជ័យ -ឯកឧត្តមបណ្ឌិត ហែម ឬទ្ធី អភិបាលរង នៃគណៈអភិបាលខេត្តប៉ៃលិន តំណាងដ៏ខ្ពង់ខ្ពស់របស់ លោកជំទាវ បាន ស្រីមុំ អភិបាល នៃគណៈអភិបាលខេត្តប៉ៃលិន -លោក យូ វីរៈ អគ្គនាយករង នៃអគ្គនាយកដ្ឋានឧត្តមសិក្សា -លោកស្រី Gwendolyn Higaki ប្រធានក្រុមប្រឹក្សាភិបាល នៃសាកលវិទ្យាល័យអន្តរជាតិ ឌូវី -លោក ខែម រស្មី ស្ថាបនិក និងអគ្គនាយក នៃក្រុមហ៊ុន ឌូវី អ៊ិនធើណេសិនណល -លោក Vernon Higaki សមាជិកក្រុមប្រឹក្សាភិបាល នៃសាកលវិទ្យាល័យអន្តរជាតិ ឌូវី -លោកស្រីបណ្ឌិត Melody Tankersley សាកលវិទ្យាធិការរងជាន់ខ្ពស់នៃសាកលវិទ្យាល័យ Kent State សហរដ្ឋអាមេរិក -លោកបណ្ឌិត Marcello Fantoni សាកលវិទ្យាធិការរងនៃសាកលវិទ្យាល័យ Kent State សហរដ្ឋអាមេរិក និងមានការចូលរួមពីសំណាក់ ទ្រង់ឯកឧត្ដម លោកជំទាវ លោក លោកស្រី អ្នកនាងកញ្ញា ដែលជាថ្នាក់ដឹកនាំខេត្ត មន្ទីរ ស្ថាប័ន ក្រុមហ៊ុនឯកជន គ្រឹះស្ថានសិក្សាសាធារណៈ គ្រឹះស្ថានសិក្សាឯកជន ម្ចាស់អាជីវកម្ម លោកគ្រូ អ្នកគ្រូ និងមាតាបិតា អ្នកអាណាព្យាបាលសិស្សយ៉ាងច្រើនកុះករផងដែរ។ គណៈគ្រប់គ្រង និងបុគ្គលិកគ្រប់លំដាប់ថ្នាក់ទាំងអស់ ពិតជាមានសេចក្ដីសោមនស្សរីករាយក្រៃលែង និងសូមគោរពថ្លែងអំណរគុណយ៉ាងជ្រាលជ្រៅបំផុតចំពោះវត្តមានដ៏ឧត្ដុង្គឧត្ដមរបស់ ទ្រង់ឯកឧត្ដម លោកជំទាវ លោក លោកស្រី អ្នកនាងកញ្ញា ដែលជាអធ', '<span style=\"text-align: justify;\">សាកលវិទ្យាល័យអន្តរជាតិ ឌូវី ប្រទេសកម្ពុជា បានរៀបចំពិធីសម្ពោធជាផ្លូវការកម្មវិធីសិក្សាសមមូល ២+២ ជាមួយសាកលវិទ្យាល័យ Kent State សហរដ្ឋអាមេរិក នាថ្ងៃសុក្រ ១៣ រោច ខែមាឃ ឆ្នាំថោះ បញ្ចស័ក ពុទ្ធសករាជ ២៥៦៧ ត្រូវនឹងថ្ងៃទី៨ ខែមីនា ឆ្នាំ២០២៤ ។ ក្រោមអធិបតីភាពដ៏ខ្ពង់ខ្ពស់៖ -ឯកឧត្ដមបណ្ឌិត ទូច វិសាលសុខ រដ្ឋលេខាធិការក្រសួងអប់រំ យុវជន និងកីឡា តំណាងដ៏ខ្ពង់ខ្ពស់របស់ ឯកឧត្ដមបណ្ឌិតសភាចារ្យ ហង់ជួន ណារ៉ុន ឧបនាយករដ្ឋមន្ត្រី រដ្ឋមន្ត្រីក្រសួងអប់រំ យុវជន និងកីឡា -ឯកឧត្តម ផេង សិទ្ធី អភិបាលរង នៃគណៈអភិបាលខេត្តបាត់ដំបង តំណាងដ៏ខ្ពង់ខ្ពស់របស់ ឯកឧត្តម សុខ លូ អភិបាល នៃគណៈអភិបាលខេត្តបាត់ដំបង -ឯកឧត្តម ហ៊ឹល រ៉ាយ៉ា អភិបាលរង នៃគណៈអភិបាលខេត្តបន្ទាយមានជ័យ តំណាងដ៏ខ្ពង់ខ្ពស់របស់ ឯកឧត្តម អ៊ុំ រាត្រី អភិបាល នៃគណៈអភិបាលខេត្តបន្ទាយមានជ័យ -ឯកឧត្តមបណ្ឌិត ហែម ឬទ្ធី អភិបាលរង នៃគណៈអភិបាលខេត្តប៉ៃលិន តំណាងដ៏ខ្ពង់ខ្ពស់របស់ លោកជំទាវ បាន ស្រីមុំ អភិបាល នៃគណៈអភិបាលខេត្តប៉ៃលិន -លោក យូ វីរៈ អគ្គនាយករង នៃអគ្គនាយកដ្ឋានឧត្តមសិក្សា -លោកស្រី Gwendolyn Higaki ប្រធានក្រុមប្រឹក្សាភិបាល នៃសាកលវិទ្យាល័យអន្តរជាតិ ឌូវី -លោក ខែម រស្មី ស្ថាបនិក និងអគ្គនាយក នៃក្រុមហ៊ុន ឌូវី អ៊ិនធើណេសិនណល -លោក Vernon Higaki សមាជិកក្រុមប្រឹក្សាភិបាល នៃសាកលវិទ្យាល័យអន្តរជាតិ ឌូវី -លោកស្រីបណ្ឌិត Melody Tankersley សាកលវិទ្យាធិការរងជាន់ខ្ពស់នៃសាកលវិទ្យាល័យ Kent State សហរដ្ឋអាមេរិក -លោកបណ្ឌិត Marcello Fantoni សាកលវិទ្យាធិការរងនៃសាកលវិទ្យាល័យ Kent State សហរដ្ឋអាមេរិក និងមានការចូលរួមពីសំណាក់ ទ្រង់ឯកឧត្ដម លោកជំទាវ លោក លោកស្រី អ្នកនាងកញ្ញា ដែលជាថ្នាក់ដឹកនាំខេត្ត មន្ទីរ ស្ថាប័ន ក្រុមហ៊ុនឯកជន គ្រឹះស្ថានសិក្សាសាធារណៈ គ្រឹះស្ថានសិក្សាឯកជន ម្ចាស់អាជីវកម្ម លោកគ្រូ អ្នកគ្រូ និងមាតាបិតា អ្នកអាណាព្យាបាលសិស្សយ៉ាងច្រើនកុះករផងដែរ។ គណៈគ្រប់គ្រង និងបុគ្គលិកគ្រប់លំដាប់ថ្នាក់ទាំងអស់ ពិតជាមានសេចក្ដីសោមនស្សរីករាយក្រៃលែង និងសូមគោរពថ្លែងអំណរគុណយ៉ាងជ្រាលជ្រៅបំផុតចំពោះវត្តមានដ៏ឧត្ដុង្គឧត្ដមរបស់ ទ្រង់ឯកឧត្ដម លោកជំទាវ លោក លោកស្រី អ្នកនាងកញ្ញា ដែលជាអធិបតី គណៈអធិបតី ភ្ញៀវកិត្តិយសជាតិ និងអន្តរជាតិទាំងអស់។</span>', 'image/event/bRTZfprWzUaEsCIGoaAP9RikjGtdEDPSFvdQ2rAy.jpg', '[\"421813620_412804624435472_7753317646367891253_n - Copy.jpg\", \"422300580_412804654435469_8541559066448665706_n (1).jpg\", \"422300580_412804654435469_8541559066448665706_n.jpg\"]', '2024-10-12', 1, '2024-04-06 08:09:57', '2025-03-10 16:10:15', 1, 1),
(33, 1, 'sdf', 'df', 'image/event/hllI6qWeWN9eepdsTeUgCga5fbrZrI3GMtg8aEMn.jpg', '[\"421813620_412804624435472_7753317646367891253_n - Copy.jpg\", \"422300580_412804654435469_8541559066448665706_n (1).jpg\", \"422300580_412804654435469_8541559066448665706_n.jpg\"]', '2024-02-29', 1, '2024-04-06 08:11:32', '2025-03-10 16:10:12', 2, 1),
(34, 1, 'dfgh', 'df', 'image/event/rcjZi1LudOsWyNUu8AnNhGYOyyBxNE4mUriQLqSY.jpg', '[\"421813620_412804624435472_7753317646367891253_n - Copy.jpg\", \"422300580_412804654435469_8541559066448665706_n (1).jpg\", \"422300580_412804654435469_8541559066448665706_n.jpg\"]', NULL, 4, '2024-04-06 08:12:28', '2025-03-10 16:10:08', 7, 1),
(35, 3, 'សាកលវិទ្យាល័យអន្តរជាតិ ឌូវី ប្រទេសកម្ពុជា បានរៀបចំពិធីសម្ពោធជាផ្លូវការកម្មវិធីសិក្សាសមមូល ២+២ ជាមួយសាកលវិទ្យាល័យ Kent State សហរដ្ឋអាមេរិក នាថ្ងៃសុក្រ ១៣ រោច ខែមាឃ ឆ្នាំថោះ បញ្ចស័ក ពុទ្ធសករាជ ២៥៦៧ ត្រូវនឹងថ្ងៃទី៨ ខែមីនា ឆ្នាំ២០២៤ ។ ក្រោមអធិបតីភាពដ៏ខ្ពង់ខ្ពស់៖ -ឯកឧត្ដមបណ្ឌិត ទូច វិសាលសុខ រដ្ឋលេខាធិការក្រសួងអប់រំ យុវជន និងកីឡា តំណាងដ៏ខ្ពង់ខ្ពស់របស់ ឯកឧត្ដមបណ្ឌិតសភាចារ្យ ហង់ជួន ណារ៉ុន ឧបនាយករដ្ឋមន្ត្រី រដ្ឋមន្ត្រីក្រសួងអប់រំ យុវជន និងកីឡា -ឯកឧត្តម ផេង សិទ្ធី អភិបាលរង នៃគណៈអភិបាលខេត្តបាត់ដំបង តំណាងដ៏ខ្ពង់ខ្ពស់របស់ ឯកឧត្តម សុខ លូ អភិបាល នៃគណៈអភិបាលខេត្តបាត់ដំបង -ឯកឧត្តម ហ៊ឹល រ៉ាយ៉ា អភិបាលរង នៃគណៈអភិបាលខេត្តបន្ទាយមានជ័យ តំណាងដ៏ខ្ពង់ខ្ពស់របស់ ឯកឧត្តម អ៊ុំ រាត្រី អភិបាល នៃគណៈអភិបាលខេត្តបន្ទាយមានជ័យ -ឯកឧត្តមបណ្ឌិត ហែម ឬទ្ធី អភិបាលរង នៃគណៈអភិបាលខេត្តប៉ៃលិន តំណាងដ៏ខ្ពង់ខ្ពស់របស់ លោកជំទាវ បាន ស្រីមុំ អភិបាល នៃគណៈអភិបាលខេត្តប៉ៃលិន -លោក យូ វីរៈ អគ្គនាយករង នៃអគ្គនាយកដ្ឋានឧត្តមសិក្សា -លោកស្រី Gwendolyn Higaki ប្រធានក្រុមប្រឹក្សាភិបាល នៃសាកលវិទ្យាល័យអន្តរជាតិ ឌូវី -លោក ខែម រស្មី ស្ថាបនិក និងអគ្គនាយក នៃក្រុមហ៊ុន ឌូវី អ៊ិនធើណេសិនណល -លោក Vernon Higaki សមាជិកក្រុមប្រឹក្សាភិបាល នៃសាកលវិទ្យាល័យអន្តរជាតិ ឌូវី -លោកស្រីបណ្ឌិត Melody Tankersley សាកលវិទ្យាធិការរងជាន់ខ្ពស់នៃសាកលវិទ្យាល័យ Kent State សហរដ្ឋអាមេរិក -លោកបណ្ឌិត Marcello Fantoni សាកលវិទ្យាធិការរងនៃសាកលវិទ្យាល័យ Kent State សហរដ្ឋអាមេរិក និងមានការចូលរួមពីសំណាក់ ទ្រង់ឯកឧត្ដម លោកជំទាវ លោក លោកស្រី អ្នកនាងកញ្ញា ដែលជាថ្នាក់ដឹកនាំខេត្ត មន្ទីរ ស្ថាប័ន ក្រុមហ៊ុនឯកជន គ្រឹះស្ថានសិក្សាសាធារណៈ គ្រឹះស្ថានសិក្សាឯកជន ម្ចាស់អាជីវកម្ម លោកគ្រូ អ្នកគ្រូ និងមាតាបិតា អ្នកអាណាព្យាបាលសិស្សយ៉ាងច្រើនកុះករផងដែរ។ គណៈគ្រប់គ្រង និងបុគ្គលិកគ្រប់លំដាប់ថ្នាក់ទាំងអស់ ពិតជាមានសេចក្ដីសោមនស្សរីករាយក្រៃលែង និងសូមគោរពថ្លែងអំណរគុណយ៉ាងជ្រាលជ្រៅបំផុតចំពោះវត្តមានដ៏ឧត្ដុង្គឧត្ដមរបស់ ទ្រង់ឯកឧត្ដម លោកជំទាវ លោក លោកស្រី អ្នកនាងកញ្ញា ដែលជាអធិបតី គណៈអធិបតី ភ្ញៀវកិត្តិយសជាតិ និងអន្តរជាតិទាំងអស់។', '<span style=\"font-family: &quot;Khmer OS Siemreap&quot;, &quot;Khmer OS Battambang&quot;, Siemreap; text-align: justify; background-color: rgb(244, 246, 249);\">សាកលវិទ្យាល័យអន្តរជាតិ ឌូវី ប្រទេសកម្ពុជា បានរៀបចំពិធីសម្ពោធជាផ្លូវការកម្មវិធីសិក្សាសមមូល ២+២ ជាមួយសាកលវិទ្យាល័យ Kent State សហរដ្ឋអាមេរិក នាថ្ងៃសុក្រ ១៣ រោច ខែមាឃ ឆ្នាំថោះ បញ្ចស័ក ពុទ្ធសករាជ ២៥៦៧ ត្រូវនឹងថ្ងៃទី៨ ខែមីនា ឆ្នាំ២០២៤ ។ ក្រោមអធិបតីភាពដ៏ខ្ពង់ខ្ពស់៖ -ឯកឧត្ដមបណ្ឌិត ទូច វិសាលសុខ រដ្ឋលេខាធិការក្រសួងអប់រំ យុវជន និងកីឡា តំណាងដ៏ខ្ពង់ខ្ពស់របស់ ឯកឧត្ដមបណ្ឌិតសភាចារ្យ ហង់ជួន ណារ៉ុន ឧបនាយករដ្ឋមន្ត្រី រដ្ឋមន្ត្រីក្រសួងអប់រំ យុវជន និងកីឡា -ឯកឧត្តម ផេង សិទ្ធី អភិបាលរង នៃគណៈអភិបាលខេត្តបាត់ដំបង តំណាងដ៏ខ្ពង់ខ្ពស់របស់ ឯកឧត្តម សុខ លូ អភិបាល នៃគណៈអភិបាលខេត្តបាត់ដំបង -ឯកឧត្តម ហ៊ឹល រ៉ាយ៉ា អភិបាលរង នៃគណៈអភិបាលខេត្តបន្ទាយមានជ័យ តំណាងដ៏ខ្ពង់ខ្ពស់របស់ ឯកឧត្តម អ៊ុំ រាត្រី អភិបាល នៃគណៈអភិបាលខេត្តបន្ទាយមានជ័យ -ឯកឧត្តមបណ្ឌិត ហែម ឬទ្ធី អភិបាលរង នៃគណៈអភិបាលខេត្តប៉ៃលិន តំណាងដ៏ខ្ពង់ខ្ពស់របស់ លោកជំទាវ បាន ស្រីមុំ អភិបាល នៃគណៈអភិបាលខេត្តប៉ៃលិន -លោក យូ វីរៈ អគ្គនាយករង នៃអគ្គនាយកដ្ឋានឧត្តមសិក្សា -លោកស្រី Gwendolyn Higaki ប្រធានក្រុមប្រឹក្សាភិបាល នៃសាកលវិទ្យាល័យអន្តរជាតិ ឌូវី -លោក ខែម រស្មី ស្ថាបនិក និងអគ្គនាយក នៃក្រុមហ៊ុន ឌូវី អ៊ិនធើណេសិនណល -លោក Vernon Higaki សមាជិកក្រុមប្រឹក្សាភិបាល នៃសាកលវិទ្យាល័យអន្តរជាតិ ឌូវី -លោកស្រីបណ្ឌិត Melody Tankersley សាកលវិទ្យាធិការរងជាន់ខ្ពស់នៃសាកលវិទ្យាល័យ Kent State សហរដ្ឋអាមេរិក -លោកបណ្ឌិត Marcello Fantoni សាកលវិទ្យាធិការរងនៃសាកលវិទ្យាល័យ Kent State សហរដ្ឋអាមេរិក និងមានការចូលរួមពីសំណាក់ ទ្រង់ឯកឧត្ដម លោកជំទាវ លោក លោកស្រី អ្នកនាងកញ្ញា ដែលជាថ្នាក់ដឹកនាំខេត្ត មន្ទីរ ស្ថាប័ន ក្រុមហ៊ុនឯកជន គ្រឹះស្ថានសិក្សាសាធារណៈ គ្រឹះស្ថានសិក្សាឯកជន ម្ចាស់អាជីវកម្ម លោកគ្រូ អ្នកគ្រូ និងមាតាបិតា អ្នកអាណាព្យាបាលសិស្សយ៉ាងច្រើនកុះករផងដែរ។ គណៈគ្រប់គ្រង និងបុគ្គលិកគ្រប់លំដាប់ថ្នាក់ទាំងអស់ ពិតជាមានសេចក្ដីសោមនស្សរីករាយក្រៃលែង និងសូមគោរពថ្លែងអំណរគុណយ៉ាងជ្រាលជ្រៅបំផុតចំពោះវត្តមានដ៏ឧត្ដុង្គឧត្ដមរបស់ ទ្រង់ឯកឧត្ដម លោកជំទាវ លោក លោកស្រី អ្នកនាងកញ្ញា ដែលជាអធិបតី គណៈអធិបតី ភ្ញៀវកិត្តិយសជាតិ និងអន្តរជាតិទាំងអស់។</span>', 'image/event/kaZ9Sez53fbYWHQQq3RvXkMTVHZ4mX6VWcDLyGtt.jpg', '[\"421813620_412804624435472_7753317646367891253_n - Copy.jpg\", \"422300580_412804654435469_8541559066448665706_n (1).jpg\", \"422300580_412804654435469_8541559066448665706_n.jpg\"]', '2024-10-12', 4, '2024-04-06 08:30:03', '2025-03-10 16:10:04', 20, 1),
(36, 1, 'sdfhjk', 'dfghjkl;', 'image/event/B0yLLFkaPz5jkpZQhIzHxQ5Y1zLFH5aYWQC38QWF.jpg', '[\"421813620_412804624435472_7753317646367891253_n - Copy.jpg\", \"422300580_412804654435469_8541559066448665706_n (1).jpg\", \"422300580_412804654435469_8541559066448665706_n.jpg\"]', '2024-10-12', 3, '2024-04-24 09:14:24', '2024-05-08 06:53:28', 5, 1),
(37, 1, 'sdf', 'ghj', 'image/event/Vssftg2TAFOBVxixPtfobjYCDFw9aPsx6gAqv6oT.jpg', '[\"421813620_412804624435472_7753317646367891253_n - Copy.jpg\", \"422300580_412804654435469_8541559066448665706_n (1).jpg\", \"422300580_412804654435469_8541559066448665706_n.jpg\"]', '2024-10-12', 3, '2024-04-24 09:30:26', '2024-04-27 23:15:58', 15, 1),
(38, 1, 'j', 'j', 'image/event/Vssftg2TAFOBVxixPtfobjYCDFw9aPsx6gAqv6oT.jpg', '[\"422300580_412804654435469_8541559066448665706_n (1).jpg\", \"422300580_412804654435469_8541559066448665706_n.jpg\"]', '2024-10-12', 3, '2024-04-24 09:43:24', '2024-06-29 03:14:44', 56, 1),
(40, 1, 'ff', 'ff', 'image/event/Vssftg2TAFOBVxixPtfobjYCDFw9aPsx6gAqv6oT.jpg', '[\"421813620_412804624435472_7753317646367891253_n - Copy.jpg\", \"422300580_412804654435469_8541559066448665706_n (1).jpg\", \"422300580_412804654435469_8541559066448665706_n.jpg\"]', NULL, 3, '2024-04-24 10:27:52', '2024-06-22 07:20:56', 33, 1),
(41, 5, 'កម្មវិធី ២+២ Programs', 'ertfgyhijoklp6sdfakjfgjidfjer', 'image/event/jY17NW0kx8uM2gcHwaFbMpxYV4cOy5hDarqe2eGj.jpg', '[\"2_1.jpg\", \"2_2.jpg\", \"2_3.jpg\", \"2_4.jpg\", \"2_5.jpg\", \"2_6.jpg\", \"2_7.jpg\", \"P2_2programs.jpg\"]', '2024-10-12', 3, '2024-05-10 07:06:55', '2024-06-22 07:21:32', 7, 1),
(42, 5, 'wertyu', 'dfyui', 'image/event/C9SQZBkdwdzQD0aGZiPS0hfnxY9lOOHXGCsLGLyW.jpg', '[\"2_1.jpg\", \"2_2.jpg\", \"2_3.jpg\", \"2_4.jpg\", \"2_5.jpg\", \"2_6.jpg\", \"2_7.jpg\", \"P2_2programs.jpg\"]', '2024-10-12', 3, '2024-05-10 07:23:52', '2024-08-29 01:47:22', 3, 1),
(43, 2, 'dftyuiozfd;sgksdxzolvkamtpeadc;ald.gr', 'dg,re,tyrdcxzp[\'g;,5.6u3', 'image/event/nZXfLx24iWyb1swsNFfuMksqAgYSGNN7nTr2nrcc.jpg', '[\"416311902_404302771952324_265961362183158390_n.jpg\", \"416319097_404302798618988_5694470317038903611_n.jpg\", \"416326626_404302548619013_2088043028079810978_n.jpg\", \"416339394_404302515285683_23188471383354892_n.jpg\", \"418317081_404302988618969_847617190779737491_n.jpg\", \"418426802_404302505285684_8155425859412823326_n.jpg\", \"418443557_404302495285685_2360489935182344420_n.jpg\", \"418452845_404303168618951_4503250959435955618_n.jpg\", \"418461858_404302841952317_3439623780479455647_n.jpg\", \"418474477_404302611952340_1434842393372630259_n.jpg\"]', '2024-10-12', 3, '2024-06-22 07:23:33', '2024-08-28 11:35:25', 2, 1),
(44, 1, 'dkjgolkfgl', 'fkldjgfolkp;lsdks;lefkwposlkD', 'image/event/AILwYtyMlV5gmCZaT8TzUZgpuBkOIZPwLNgQrI7p.jpg', '[\"416311902_404302771952324_265961362183158390_n.jpg\", \"416319097_404302798618988_5694470317038903611_n.jpg\", \"416326626_404302548619013_2088043028079810978_n.jpg\", \"416339394_404302515285683_23188471383354892_n.jpg\", \"418317081_404302988618969_847617190779737491_n.jpg\", \"418426802_404302505285684_8155425859412823326_n.jpg\", \"418443557_404302495285685_2360489935182344420_n.jpg\"]', '2024-03-08', 3, '2024-07-05 00:54:57', '2024-08-09 00:42:15', 4, 1),
(45, NULL, 'សាកលវិទ្យាល័យអន្តរជាតិ ឌូវី ប្រទេសកម្ពុជា បានរៀបចំពិធីសម្ពោធជាផ្លូវការកម្មវិធីសិក្សាសមមូល ២+២ ជាមួយសាកលវិទ្យាល័យ Kent State សហរដ្ឋអាមេរិក នាថ្ងៃសុក្រ ១៣ រោច ខែមាឃ ឆ្នាំថោះ បញ្ចស័ក ពុទ្ធសករាជ ២៥៦៧ ត្រូវនឹងថ្ងៃទី៨ ខែមីនា ឆ្នាំ២០២៤ ។ ក្រោមអធិបតីភាពដ៏ខ្ពង់ខ្ពស់៖ -ឯកឧត្ដមបណ្ឌិត ទូច វិសាលសុខ រដ្ឋលេខាធិការក្រសួងអប់រំ យុវជន និងកីឡា តំណាងដ៏ខ្ពង់ខ្ពស់របស់ ឯកឧត្ដមបណ្ឌិតសភាចារ្យ ហង់ជួន ណារ៉ុន ឧបនាយករដ្ឋមន្ត្រី រដ្ឋមន្ត្រីក្រសួងអប់រំ យុវជន និងកីឡា -ឯកឧត្តម ផេង សិទ្ធី អភិបាលរង នៃគណៈអភិបាលខេត្តបាត់ដំបង តំណាងដ៏ខ្ពង់ខ្ពស់របស់ ឯកឧត្តម សុខ លូ អភិបាល នៃគណៈអភិបាលខេត្តបាត់ដំបង -ឯកឧត្តម ហ៊ឹល រ៉ាយ៉ា អភិបាលរង នៃគណៈអភិបាលខេត្តបន្ទាយមានជ័យ តំណាងដ៏ខ្ពង់ខ្ពស់របស់ ឯកឧត្តម អ៊ុំ រាត្រី អភិបាល នៃគណៈអភិបាលខេត្តបន្ទាយមានជ័យ -ឯកឧត្តមបណ្ឌិត ហែម ឬទ្ធី អភិបាលរង នៃគណៈអភិបាលខេត្តប៉ៃលិន តំណាងដ៏ខ្ពង់ខ្ពស់របស់ លោកជំទាវ បាន ស្រីមុំ អភិបាល នៃគណៈអភិបាលខេត្តប៉ៃលិន -លោក យូ វីរៈ អគ្គនាយករង នៃអគ្គនាយកដ្ឋានឧត្តមសិក្សា -លោកស្រី Gwendolyn Higaki ប្រធានក្រុមប្រឹក្សាភិបាល នៃសាកលវិទ្យាល័យអន្តរជាតិ ឌូវី -លោក ខែម រស្មី ស្ថាបនិក និងអគ្គនាយក នៃក្រុមហ៊ុន ឌូវី អ៊ិនធើណេសិនណល -លោក Vernon Higaki សមាជិកក្រុមប្រឹក្សាភិបាល នៃសាកលវិទ្យាល័យអន្តរជាតិ ឌូវី -លោកស្រីបណ្ឌិត Melody Tankersley សាកលវិទ្យាធិការរងជាន់ខ្ពស់នៃសាកលវិទ្យាល័យ Kent State សហរដ្ឋអាមេរិក -លោកបណ្ឌិត Marcello Fantoni សាកលវិទ្យាធិការរងនៃសាកលវិទ្យាល័យ Kent State សហរដ្ឋអាមេរិក និងមានការចូលរួមពីសំណាក់ ទ្រង់ឯកឧត្ដម លោកជំទាវ លោក លោកស្រី អ្នកនាងកញ្ញា ដែលជាថ្នាក់ដឹកនាំខេត្ត មន្ទីរ ស្ថាប័ន ក្រុមហ៊ុនឯកជន គ្រឹះស្ថានសិក្សាសាធារណៈ គ្រឹះស្ថានសិក្សាឯកជន ម្ចាស់អាជីវកម្ម លោកគ្រូ អ្នកគ្រូ និងមាតាបិតា អ្នកអាណាព្យាបាលសិស្សយ៉ាងច្រើនកុះករផងដែរ។ គណៈគ្រប់គ្រង និងបុគ្គលិកគ្រប់លំដាប់ថ្នាក់ទាំងអស់ ពិតជាមានសេចក្ដីសោមនស្សរីករាយក្រៃលែង និងសូមគោរពថ្លែងអំណរគុណយ៉ាងជ្រាលជ្រៅបំផុតចំពោះវត្តមានដ៏ឧត្ដុង្គឧត្ដមរបស់ ទ្រង់ឯកឧត្ដម លោកជំទាវ លោក លោកស្រី អ្នកនាងកញ្ញា ដែលជាអធិបតី គណៈអធិបតី ភ្ញៀវកិត្តិយសជាតិ និងអន្តរជាតិទាំងអស់។', '<span style=\"font-family: &quot;Khmer OS Siemreap&quot;, &quot;Khmer OS Battambang&quot;, Siemreap; text-align: justify; background-color: rgba(0, 0, 0, 0.05);\">សាកលវិទ្យាល័យអន្តរជាតិ ឌូវី ប្រទេសកម្ពុជា បានរៀបចំពិធីសម្ពោធជាផ្លូវការកម្មវិធីសិក្សាសមមូល ២+២ ជាមួយសាកលវិទ្យាល័យ Kent State សហរដ្ឋអាមេរិក នាថ្ងៃសុក្រ ១៣ រោច ខែមាឃ ឆ្នាំថោះ បញ្ចស័ក ពុទ្ធសករាជ ២៥៦៧ ត្រូវនឹងថ្ងៃទី៨ ខែមីនា ឆ្នាំ២០២៤ ។ ក្រោមអធិបតីភាពដ៏ខ្ពង់ខ្ពស់៖ -ឯកឧត្ដមបណ្ឌិត ទូច វិសាលសុខ រដ្ឋលេខាធិការក្រសួងអប់រំ យុវជន និងកីឡា តំណាងដ៏ខ្ពង់ខ្ពស់របស់ ឯកឧត្ដមបណ្ឌិតសភាចារ្យ ហង់ជួន ណារ៉ុន ឧបនាយករដ្ឋមន្ត្រី រដ្ឋមន្ត្រីក្រសួងអប់រំ យុវជន និងកីឡា -ឯកឧត្តម ផេង សិទ្ធី អភិបាលរង នៃគណៈអភិបាលខេត្តបាត់ដំបង តំណាងដ៏ខ្ពង់ខ្ពស់របស់ ឯកឧត្តម សុខ លូ អភិបាល នៃគណៈអភិបាលខេត្តបាត់ដំបង -ឯកឧត្តម ហ៊ឹល រ៉ាយ៉ា អភិបាលរង នៃគណៈអភិបាលខេត្តបន្ទាយមានជ័យ តំណាងដ៏ខ្ពង់ខ្ពស់របស់ ឯកឧត្តម អ៊ុំ រាត្រី អភិបាល នៃគណៈអភិបាលខេត្តបន្ទាយមានជ័យ -ឯកឧត្តមបណ្ឌិត ហែម ឬទ្ធី អភិបាលរង នៃគណៈអភិបាលខេត្តប៉ៃលិន តំណាងដ៏ខ្ពង់ខ្ពស់របស់ លោកជំទាវ បាន ស្រីមុំ អភិបាល នៃគណៈអភិបាលខេត្តប៉ៃលិន -លោក យូ វីរៈ អគ្គនាយករង នៃអគ្គនាយកដ្ឋានឧត្តមសិក្សា -លោកស្រី Gwendolyn Higaki ប្រធានក្រុមប្រឹក្សាភិបាល នៃសាកលវិទ្យាល័យអន្តរជាតិ ឌូវី -លោក ខែម រស្មី ស្ថាបនិក និងអគ្គនាយក នៃក្រុមហ៊ុន ឌូវី អ៊ិនធើណេសិនណល -លោក Vernon Higaki សមាជិកក្រុមប្រឹក្សាភិបាល នៃសាកលវិទ្យាល័យអន្តរជាតិ ឌូវី -លោកស្រីបណ្ឌិត Melody Tankersley សាកលវិទ្យាធិការរងជាន់ខ្ពស់នៃសាកលវិទ្យាល័យ Kent State សហរដ្ឋអាមេរិក -លោកបណ្ឌិត Marcello Fantoni សាកលវិទ្យាធិការរងនៃសាកលវិទ្យាល័យ Kent State សហរដ្ឋអាមេរិក និងមានការចូលរួមពីសំណាក់ ទ្រង់ឯកឧត្ដម លោកជំទាវ លោក លោកស្រី អ្នកនាងកញ្ញា ដែលជាថ្នាក់ដឹកនាំខេត្ត មន្ទីរ ស្ថាប័ន ក្រុមហ៊ុនឯកជន គ្រឹះស្ថានសិក្សាសាធារណៈ គ្រឹះស្ថានសិក្សាឯកជន ម្ចាស់អាជីវកម្ម លោកគ្រូ អ្នកគ្រូ និងមាតាបិតា អ្នកអាណាព្យាបាលសិស្សយ៉ាងច្រើនកុះករផងដែរ។ គណៈគ្រប់គ្រង និងបុគ្គលិកគ្រប់លំដាប់ថ្នាក់ទាំងអស់ ពិតជាមានសេចក្ដីសោមនស្សរីករាយក្រៃលែង និងសូមគោរពថ្លែងអំណរគុណយ៉ាងជ្រាលជ្រៅបំផុតចំពោះវត្តមានដ៏ឧត្ដុង្គឧត្ដមរបស់ ទ្រង់ឯកឧត្ដម លោកជំទាវ លោក លោកស្រី អ្នកនាងកញ្ញា ដែលជាអធិបតី គណៈអធិបតី ភ្ញៀវកិត្តិយសជាតិ និងអន្តរជាតិទាំងអស់។</span>', 'image/event/UWKLERupY1mJIG20nOajtEHhPAl3h42j6OFYyfAP.jpg', '[\"416311902_404302771952324_265961362183158390_n.jpg\", \"416319097_404302798618988_5694470317038903611_n.jpg\", \"416326626_404302548619013_2088043028079810978_n.jpg\", \"416339394_404302515285683_23188471383354892_n.jpg\", \"418317081_404302988618969_847617190779737491_n.jpg\", \"418426802_404302505285684_8155425859412823326_n.jpg\", \"418443557_404302495285685_2360489935182344420_n.jpg\"]', '2024-10-12', 3, '2024-08-17 06:37:36', '2024-09-13 04:26:08', 5, 1),
(46, 2, 'សាកលវិទ្យាល័យអន្តរជាតិ ឌូវី ប្រទេសកម្ពុជា បានរៀបចំពិធីសម្ពោធជាផ្លូវការកម្មវិធីសិក្សាសមមូល ២+២ ជាមួយសាកលវិទ្យាល័យ Kent State សហរដ្ឋអាមេរិក នាថ្ងៃសុក្រ ១៣ រោច ខែមាឃ ឆ្នាំថោះ បញ្ចស័ក ពុទ្ធសករាជ ២៥៦៧ ត្រូវនឹងថ្ងៃទី៨ ខែមីនា ឆ្នាំ២០២៤ ។ ក្រោមអធិបតីភាពដ៏ខ្ពង់ខ្ពស់៖ -ឯកឧត្ដមបណ្ឌិត ទូច វិសាលសុខ រដ្ឋលេខាធិការក្រសួងអប់រំ យុវជន និងកីឡា តំណាងដ៏ខ្ពង់ខ្ពស់របស់ ឯកឧត្ដមបណ្ឌិតសភាចារ្យ ហង់ជួន ណារ៉ុន ឧបនាយករដ្ឋមន្ត្រី រដ្ឋមន្ត្រីក្រសួងអប់រំ យុវជន និងកីឡា -ឯកឧត្តម ផេង សិទ្ធី អភិបាលរង នៃគណៈអភិបាលខេត្តបាត់ដំបង តំណាងដ៏ខ្ពង់ខ្ពស់របស់ ឯកឧត្តម សុខ លូ អភិបាល នៃគណៈអភិបាលខេត្តបាត់ដំបង -ឯកឧត្តម ហ៊ឹល រ៉ាយ៉ា អភិបាលរង នៃគណៈអភិបាលខេត្តបន្ទាយមានជ័យ តំណាងដ៏ខ្ពង់ខ្ពស់របស់ ឯកឧត្តម អ៊ុំ រាត្រី អភិបាល នៃគណៈអភិបាលខេត្តបន្ទាយមានជ័យ -ឯកឧត្តមបណ្ឌិត ហែម ឬទ្ធី អភិបាលរង នៃគណៈអភិបាលខេត្តប៉ៃលិន តំណាងដ៏ខ្ពង់ខ្ពស់របស់ លោកជំទាវ បាន ស្រីមុំ អភិបាល នៃគណៈអភិបាលខេត្តប៉ៃលិន -លោក យូ វីរៈ អគ្គនាយករង នៃអគ្គនាយកដ្ឋានឧត្តមសិក្សា -លោកស្រី Gwendolyn Higaki ប្រធានក្រុមប្រឹក្សាភិបាល នៃសាកលវិទ្យាល័យអន្តរជាតិ ឌូវី -លោក ខែម រស្មី ស្ថាបនិក និងអគ្គនាយក នៃក្រុមហ៊ុន ឌូវី អ៊ិនធើណេសិនណល -លោក Vernon Higaki សមាជិកក្រុមប្រឹក្សាភិបាល នៃសាកលវិទ្យាល័យអន្តរជាតិ ឌូវី -លោកស្រីបណ្ឌិត Melody Tankersley សាកលវិទ្យាធិការរងជាន់ខ្ពស់នៃសាកលវិទ្យាល័យ Kent State សហរដ្ឋអាមេរិក -លោកបណ្ឌិត Marcello Fantoni សាកលវិទ្យាធិការរងនៃសាកលវិទ្យាល័យ Kent State សហរដ្ឋអាមេរិក និងមានការចូលរួមពីសំណាក់ ទ្រង់ឯកឧត្ដម លោកជំទាវ លោក លោកស្រី អ្នកនាងកញ្ញា ដែលជាថ្នាក់ដឹកនាំខេត្ត មន្ទីរ ស្ថាប័ន ក្រុមហ៊ុនឯកជន គ្រឹះស្ថានសិក្សាសាធារណៈ គ្រឹះស្ថានសិក្សាឯកជន ម្ចាស់អាជីវកម្ម លោកគ្រូ អ្នកគ្រូ និងមាតាបិតា អ្នកអាណាព្យាបាលសិស្សយ៉ាងច្រើនកុះករផងដែរ។ គណៈគ្រប់គ្រង និងបុគ្គលិកគ្រប់លំដាប់ថ្នាក់ទាំងអស់ ពិតជាមានសេចក្ដីសោមនស្សរីករាយក្រៃលែង និងសូមគោរពថ្លែងអំណរគុណយ៉ាងជ្រាលជ្រៅបំផុតចំពោះវត្តមានដ៏ឧត្ដុង្គឧត្ដមរបស់ ទ្រង់ឯកឧត្ដម លោកជំទាវ លោក លោកស្រី អ្នកនាងកញ្ញា ដែលជាអធិបតី គណៈអធិបតី ភ្ញៀវកិត្តិយសជាតិ និងអន្តរជាតិទាំងអស់។', 'សាកលវិទ្យាល័យអន្តរជាតិ ឌូវី ប្រទេសកម្ពុជា បានរៀបចំពិធីសម្ពោធជាផ្លូវការកម្មវិធីសិក្សាសមមូល ២+២ ជាមួយសាកលវិទ្យាល័យ Kent State សហរដ្ឋអាមេរិក នាថ្ងៃសុក្រ ១៣ រោច ខែមាឃ ឆ្នាំថោះ បញ្ចស័ក ពុទ្ធសករាជ ២៥៦៧ ត្រូវនឹងថ្ងៃទី៨ ខែមីនា ឆ្នាំ២០២៤ ។ ក្រោមអធិបតីភាពដ៏ខ្ពង់ខ្ពស់៖ -ឯកឧត្ដមបណ្ឌិត ទូច វិសាលសុខ រដ្ឋលេខាធិការក្រសួងអប់រំ យុវជន និងកីឡា តំណាងដ៏ខ្ពង់ខ្ពស់របស់ ឯកឧត្ដមបណ្ឌិតសភាចារ្យ ហង់ជួន ណារ៉ុន ឧបនាយករដ្ឋមន្ត្រី រដ្ឋមន្ត្រីក្រសួងអប់រំ យុវជន និងកីឡា -ឯកឧត្តម ផេង សិទ្ធី អភិបាលរង នៃគណៈអភិបាលខេត្តបាត់ដំបង តំណាងដ៏ខ្ពង់ខ្ពស់របស់ ឯកឧត្តម សុខ លូ អភិបាល នៃគណៈអភិបាលខេត្តបាត់ដំបង -ឯកឧត្តម ហ៊ឹល រ៉ាយ៉ា អភិបាលរង នៃគណៈអភិបាលខេត្តបន្ទាយមានជ័យ តំណាងដ៏ខ្ពង់ខ្ពស់របស់ ឯកឧត្តម អ៊ុំ រាត្រី អភិបាល នៃគណៈអភិបាលខេត្តបន្ទាយមានជ័យ -ឯកឧត្តមបណ្ឌិត ហែម ឬទ្ធី អភិបាលរង នៃគណៈអភិបាលខេត្តប៉ៃលិន តំណាងដ៏ខ្ពង់ខ្ពស់របស់ លោកជំទាវ បាន ស្រីមុំ អភិបាល នៃគណៈអភិបាលខេត្តប៉ៃលិន -លោក យូ វីរៈ អគ្គនាយករង នៃអគ្គនាយកដ្ឋានឧត្តមសិក្សា -លោកស្រី Gwendolyn Higaki ប្រធានក្រុមប្រឹក្សាភិបាល នៃសាកលវិទ្យាល័យអន្តរជាតិ ឌូវី -លោក ខែម រស្មី ស្ថាបនិក និងអគ្គនាយក នៃក្រុមហ៊ុន ឌូវី អ៊ិនធើណេសិនណល -លោក Vernon Higaki សមាជិកក្រុមប្រឹក្សាភិបាល នៃសាកលវិទ្យាល័យអន្តរជាតិ ឌូវី -លោកស្រីបណ្ឌិត Melody Tankersley សាកលវិទ្យាធិការរងជាន់ខ្ពស់នៃសាកលវិទ្យាល័យ Kent State សហរដ្ឋអាមេរិក -លោកបណ្ឌិត Marcello Fantoni សាកលវិទ្យាធិការរងនៃសាកលវិទ្យាល័យ Kent State សហរដ្ឋអាមេរិក និងមានការចូលរួមពីសំណាក់ ទ្រង់ឯកឧត្ដម លោកជំទាវ លោក លោកស្រី អ្នកនាងកញ្ញា ដែលជាថ្នាក់ដឹកនាំខេត្ត មន្ទីរ ស្ថាប័ន ក្រុមហ៊ុនឯកជន គ្រឹះស្ថានសិក្សាសាធារណៈ គ្រឹះស្ថានសិក្សាឯកជន ម្ចាស់អាជីវកម្ម លោកគ្រូ អ្នកគ្រូ និងមាតាបិតា អ្នកអាណាព្យាបាលសិស្សយ៉ាងច្រើនកុះករផងដែរ។ គណៈគ្រប់គ្រង និងបុគ្គលិកគ្រប់លំដាប់ថ្នាក់ទាំងអស់ ពិតជាមានសេចក្ដីសោមនស្សរីករាយក្រៃលែង និងសូមគោរពថ្លែងអំណរគុណយ៉ាងជ្រាលជ្រៅបំផុតចំពោះវត្តមានដ៏ឧត្ដុង្គឧត្ដមរបស់ ទ្រង់ឯកឧត្ដម លោកជំទាវ លោក លោកស្រី អ្នកនាងកញ្ញា ដែលជាអធិបតី គណៈអធិបតី ភ្ញៀវកិត្តិយសជាតិ និងអន្តរជាតិទាំងអស់។', 'image/event/vHYM5XZJBHaa9OLTKF47TADanML0yl2CL8M6t2xJ.jpg', '[\"6.jpg\", \"9.jpg\", \"10.jpg\", \"12.jpg\"]', '2024-12-12', 3, '2024-09-13 04:27:50', '2024-09-17 11:55:01', 2, 1),
(47, 1, 'សាកលវិទ្យាល័យអន្តរជាតិ ឌូវី ប្រទេសកម្ពុជា បានរៀបចំពិធីសម្ពោធជាផ្លូវការកម្មវិធីសិក្សាសមមូល ២+២ ជាមួយសាកលវិទ្យាល័យ Kent State សហរដ្ឋអាមេរិក នាថ្ងៃសុក្រ ១៣ រោច ខែមាឃ ឆ្នាំថោះ បញ្ចស័ក ពុទ្ធសករាជ ២៥៦៧ ត្រូវនឹងថ្ងៃទី៨ ខែមីនា ឆ្នាំ២០២៤ ។ ក្រោមអធិបតីភាពដ៏ខ្ពង់ខ្ពស់៖ -ឯកឧត្ដមបណ្ឌិត ទូច វិសាលសុខ រដ្ឋលេខាធិការក្រសួងអប់រំ យុវជន និងកីឡា តំណាងដ៏ខ្ពង់ខ្ពស់របស់ ឯកឧត្ដមបណ្ឌិតសភាចារ្យ ហង់ជួន ណារ៉ុន ឧបនាយករដ្ឋមន្ត្រី រដ្ឋមន្ត្រីក្រសួងអប់រំ យុវជន និងកីឡា -ឯកឧត្តម ផេង សិទ្ធី អភិបាលរង នៃគណៈអភិបាលខេត្តបាត់ដំបង តំណាងដ៏ខ្ពង់ខ្ពស់របស់ ឯកឧត្តម សុខ លូ អភិបាល នៃគណៈអភិបាលខេត្តបាត់ដំបង -ឯកឧត្តម ហ៊ឹល រ៉ាយ៉ា អភិបាលរង នៃគណៈអភិបាលខេត្តបន្ទាយមានជ័យ តំណាងដ៏ខ្ពង់ខ្ពស់របស់ ឯកឧត្តម អ៊ុំ រាត្រី អភិបាល នៃគណៈអភិបាលខេត្តបន្ទាយមានជ័យ -ឯកឧត្តមបណ្ឌិត ហែម ឬទ្ធី អភិបាលរង នៃគណៈអភិបាលខេត្តប៉ៃលិន តំណាងដ៏ខ្ពង់ខ្ពស់របស់ លោកជំទាវ បាន ស្រីមុំ អភិបាល នៃគណៈអភិបាលខេត្តប៉ៃលិន -លោក យូ វីរៈ អគ្គនាយករង នៃអគ្គនាយកដ្ឋានឧត្តមសិក្សា -លោកស្រី Gwendolyn Higaki ប្រធានក្រុមប្រឹក្សាភិបាល នៃសាកលវិទ្យាល័យអន្តរជាតិ ឌូវី -លោក ខែម រស្មី ស្ថាបនិក និងអគ្គនាយក នៃក្រុមហ៊ុន ឌូវី អ៊ិនធើណេសិនណល -លោក Vernon Higaki សមាជិកក្រុមប្រឹក្សាភិបាល នៃសាកលវិទ្យាល័យអន្តរជាតិ ឌូវី -លោកស្រីបណ្ឌិត Melody Tankersley សាកលវិទ្យាធិការរងជាន់ខ្ពស់នៃសាកលវិទ្យាល័យ Kent State សហរដ្ឋអាមេរិក -លោកបណ្ឌិត Marcello Fantoni សាកលវិទ្យាធិការរងនៃសាកលវិទ្យាល័យ Kent State សហរដ្ឋអាមេរិក និងមានការចូលរួមពីសំណាក់ ទ្រង់ឯកឧត្ដម លោកជំទាវ លោក លោកស្រី អ្នកនាងកញ្ញា ដែលជាថ្នាក់ដឹកនាំខេត្ត មន្ទីរ ស្ថាប័ន ក្រុមហ៊ុនឯកជន គ្រឹះស្ថានសិក្សាសាធារណៈ គ្រឹះស្ថានសិក្សាឯកជន ម្ចាស់អាជីវកម្ម លោកគ្រូ អ្នកគ្រូ និងមាតាបិតា អ្នកអាណាព្យាបាលសិស្សយ៉ាងច្រើនកុះករផងដែរ។ គណៈគ្រប់គ្រង និងបុគ្គលិកគ្រប់លំដាប់ថ្នាក់ទាំងអស់ ពិតជាមានសេចក្ដីសោមនស្សរីករាយក្រៃលែង និងសូមគោរពថ្លែងអំណរគុណយ៉ាងជ្រាលជ្រៅបំផុតចំពោះវត្តមានដ៏ឧត្ដុង្គឧត្ដមរបស់ ទ្រង់ឯកឧត្ដម លោកជំទាវ លោក លោកស្រី អ្នកនាងកញ្ញា ដែលជាអធិបតី គណៈអធិបតី ភ្ញៀវកិត្តិយសជាតិ និងអន្តរជាតិទាំងអស់។', 'សាកលវិទ្យាល័យអន្តរជាតិ ឌូវី ប្រទេសកម្ពុជា បានរៀបចំពិធីសម្ពោធជាផ្លូវការកម្មវិធីសិក្សាសមមូល ២+២ ជាមួយសាកលវិទ្យាល័យ Kent State សហរដ្ឋអាមេរិក នាថ្ងៃសុក្រ ១៣ រោច ខែមាឃ ឆ្នាំថោះ បញ្ចស័ក ពុទ្ធសករាជ ២៥៦៧ ត្រូវនឹងថ្ងៃទី៨ ខែមីនា ឆ្នាំ២០២៤ ។ ក្រោមអធិបតីភាពដ៏ខ្ពង់ខ្ពស់៖ -ឯកឧត្ដមបណ្ឌិត ទូច វិសាលសុខ រដ្ឋលេខាធិការក្រសួងអប់រំ យុវជន និងកីឡា តំណាងដ៏ខ្ពង់ខ្ពស់របស់ ឯកឧត្ដមបណ្ឌិតសភាចារ្យ ហង់ជួន ណារ៉ុន ឧបនាយករដ្ឋមន្ត្រី រដ្ឋមន្ត្រីក្រសួងអប់រំ យុវជន និងកីឡា -ឯកឧត្តម ផេង សិទ្ធី អភិបាលរង នៃគណៈអភិបាលខេត្តបាត់ដំបង តំណាងដ៏ខ្ពង់ខ្ពស់របស់ ឯកឧត្តម សុខ លូ អភិបាល នៃគណៈអភិបាលខេត្តបាត់ដំបង -ឯកឧត្តម ហ៊ឹល រ៉ាយ៉ា អភិបាលរង នៃគណៈអភិបាលខេត្តបន្ទាយមានជ័យ តំណាងដ៏ខ្ពង់ខ្ពស់របស់ ឯកឧត្តម អ៊ុំ រាត្រី អភិបាល នៃគណៈអភិបាលខេត្តបន្ទាយមានជ័យ -ឯកឧត្តមបណ្ឌិត ហែម ឬទ្ធី អភិបាលរង នៃគណៈអភិបាលខេត្តប៉ៃលិន តំណាងដ៏ខ្ពង់ខ្ពស់របស់ លោកជំទាវ បាន ស្រីមុំ អភិបាល នៃគណៈអភិបាលខេត្តប៉ៃលិន -លោក យូ វីរៈ អគ្គនាយករង នៃអគ្គនាយកដ្ឋានឧត្តមសិក្សា -លោកស្រី Gwendolyn Higaki ប្រធានក្រុមប្រឹក្សាភិបាល នៃសាកលវិទ្យាល័យអន្តរជាតិ ឌូវី -លោក ខែម រស្មី ស្ថាបនិក និងអគ្គនាយក នៃក្រុមហ៊ុន ឌូវី អ៊ិនធើណេសិនណល -លោក Vernon Higaki សមាជិកក្រុមប្រឹក្សាភិបាល នៃសាកលវិទ្យាល័យអន្តរជាតិ ឌូវី -លោកស្រីបណ្ឌិត Melody Tankersley សាកលវិទ្យាធិការរងជាន់ខ្ពស់នៃសាកលវិទ្យាល័យ Kent State សហរដ្ឋអាមេរិក -លោកបណ្ឌិត Marcello Fantoni សាកលវិទ្យាធិការរងនៃសាកលវិទ្យាល័យ Kent State សហរដ្ឋអាមេរិក និងមានការចូលរួមពីសំណាក់ ទ្រង់ឯកឧត្ដម លោកជំទាវ លោក លោកស្រី អ្នកនាងកញ្ញា ដែលជាថ្នាក់ដឹកនាំខេត្ត មន្ទីរ ស្ថាប័ន ក្រុមហ៊ុនឯកជន គ្រឹះស្ថានសិក្សាសាធារណៈ គ្រឹះស្ថានសិក្សាឯកជន ម្ចាស់អាជីវកម្ម លោកគ្រូ អ្នកគ្រូ និងមាតាបិតា អ្នកអាណាព្យាបាលសិស្សយ៉ាងច្រើនកុះករផងដែរ។ គណៈគ្រប់គ្រង និងបុគ្គលិកគ្រប់លំដាប់ថ្នាក់ទាំងអស់ ពិតជាមានសេចក្ដីសោមនស្សរីករាយក្រៃលែង និងសូមគោរពថ្លែងអំណរគុណយ៉ាងជ្រាលជ្រៅបំផុតចំពោះវត្តមានដ៏ឧត្ដុង្គឧត្ដមរបស់ ទ្រង់ឯកឧត្ដម លោកជំទាវ លោក លោកស្រី អ្នកនាងកញ្ញា ដែលជាអធិបតី គណៈអធិបតី ភ្ញៀវកិត្តិយសជាតិ និងអន្តរជាតិទាំងអស់។', 'image/event/2JyYegJ1ujcm0dealaNYaxIWO3fcu3YE7mILyhbV.jpg', '[\"1.jpg\", \"749c9120cd64761aaa4458b0dd975807.jpeg\", \"1694148630782.jfif\", \"1702618998711.jfif\"]', '2024-12-12', 3, '2024-09-13 04:30:17', '2024-09-13 06:55:53', 3, 1),
(48, NULL, 'as', 'adsf', 'image/event/c8xduz4LnjdY8iLGKoXQBMjV3zmgzo9xrt1rMG71.jpg', '[\"photo_2023-10-27_16-22-16 (2).jpg\", \"photo_2023-10-27_16-22-16.jpg\"]', '2024-12-12', 3, '2024-09-13 06:58:53', '2024-09-30 22:53:24', 1, 1),
(49, 1, 'awsedtfgyijkol;6y78uiopl;\'tehetyrdfogpx;lfsy,tsr;f;dx', 'awsedtfgyijkol;6y78uiopl;\'tehetyrdfogpx;lfsy,tsr;f;dx', 'image/event/kiLay46DYQUF2qsGzRfMLd89PgJWkqX997Ms9tNr.jpg', '[\"photo_2023-10-27_16-22-16 (2).jpg\", \"photo_2023-10-27_16-22-16.jpg\"]', '2024-10-10', 3, '2024-09-14 23:07:41', '2024-10-03 07:16:07', 0, 1),
(50, 1, 'xvcd', 'dsgf.g,kw;', 'image/event/LlRhgK9Z9dtR1AZdb1IjGQr4H93p0gDlwhdtTKv8.jpg', '[\"background_dak_grey.png\"]', '2024-10-10', 3, '2024-09-30 07:47:05', '2024-10-01 01:50:54', 2, 1),
(51, 1, 'zxvvd', 'ldfgkr;oph', 'image/event/Ni83AYGq2yMilb88YaB03b1v6eSe96twd9lLPo6a.jpg', '[\"ecology-definition5.png\"]', '2024-10-10', 3, '2024-09-30 07:48:22', '2024-10-08 22:45:08', 2, 0),
(52, 4, 'In Cambodia, enhancing health and education is crucial for fostering sustainable development.', '<p class=\"MsoNormal\">Addressing climate change and environmental degradation is a\r\npriority for the Research Centre in Cambodia. The Centre focuses on innovative\r\nsolutions that promote sustainability while enhancing community resilience. By\r\nadvocating for renewable energy sources and sustainable land management\r\npractices, the Centre aims to mitigate climate change impacts. Engaging local\r\ncommunities in environmental stewardship fosters ownership and responsibility\r\nfor natural resources. The Centre emphasizes equitable access to clean water\r\nand sanitation, recognizing that environmental health directly impacts quality\r\nof life. By promoting policies prioritizing environmental justice, the Centre\r\ncontributes to stability and peace, ensuring that all Cambodians can thrive in\r\na sustainable future, in line with national goals.<o:p></o:p></p>', 'image/event/a4tDLLnZUngsEJlTpmidD7elKZpakJ2rL8zncPOZ.jpg', '[\"photo_2023-10-27_16-22-16 (2).jpg\", \"photo_2023-10-27_16-22-16.jpg\"]', '2024-10-10', 3, '2024-09-30 23:03:10', '2024-10-11 21:16:37', 1, 1),
(53, 1, 'In Cambodia, enhancing health and education is crucial for fostering sustainable development.', '<p class=\"MsoNormal\">In Cambodia, enhancing health and education is crucial for\r\nfostering sustainable development. The Research Centre prioritizes initiatives\r\nthat improve access to quality healthcare and education, particularly in rural\r\nand underserved communities. By integrating health education into school\r\ncurricula, the Centre empowers students to make informed health decisions. Additionally,\r\nadvocating for affordable healthcare solutions ensures that all Cambodians can\r\naccess necessary services. The Centre collaborates with local organizations to\r\npromote community participation, thereby creating a stable environment where\r\nhealth and education support each other. This holistic approach not only\r\nimproves the quality of life but also contributes to national goals of peace\r\nand equality, aligning with Cambodia\'s commitment to the Sustainable\r\nDevelopment Goals.<o:p></o:p></p>', 'image/event/iPOxSO5uWx07cWDHLDQG913ftw10pfFlT480etCa.jpg', '[\"photo_2023-10-27_16-22-16 (2).jpg\", \"photo_2023-10-27_16-22-16.jpg\"]', '2024-10-10', 3, '2024-09-30 23:08:39', '2024-10-08 22:45:32', 6, 0),
(54, 4, 'Addressing climate change and environmental degradation is a priority for the Research Centre in Cambodia', '<p class=\"MsoNormal\">Addressing climate change and environmental degradation is a\r\npriority for the Research Centre in Cambodia. The Centre focuses on innovative\r\nsolutions that promote sustainability while enhancing community resilience. By\r\nadvocating for renewable energy sources and sustainable land management\r\npractices, the Centre aims to mitigate climate change impacts. Engaging local\r\ncommunities in environmental stewardship fosters ownership and responsibility\r\nfor natural resources. The Centre emphasizes equitable access to clean water\r\nand sanitation, recognizing that environmental health directly impacts quality\r\nof life. By promoting policies prioritizing environmental justice, the Centre\r\ncontributes to stability and peace, ensuring that all Cambodians can thrive in\r\na sustainable future, in line with national goals.<o:p></o:p></p>', 'image/event/161Yi8oFyplmjJ70Ypi3azynWjaXKQqQANahglfq.jpg', '[\"photo_2023-10-27_16-22-16 (2).jpg\", \"photo_2023-10-27_16-22-16.jpg\"]', '2024-10-10', 3, '2024-10-01 01:31:15', '2024-10-08 22:45:30', 2, 0),
(55, 3, 'Effective governance and social inclusion are essential for Cambodia\'s sustainable development.', '<p class=\"MsoNormal\">Effective governance and social inclusion are essential for\r\nCambodia\'s sustainable development. The Research Centre champions participatory\r\ngovernance models that empower marginalized communities to engage in\r\ndecision-making processes. By promoting transparency and accountability, the\r\nCentre builds trust between citizens and institutions, fostering a stable\r\npolitical environment. Initiatives that focus on gender equality and the\r\ninclusion of diverse voices ensure that development efforts reflect the needs of\r\nall community members. The Centre’s commitment to equality drives its advocacy\r\nfor policies that dismantle barriers to participation, ultimately contributing\r\nto a more just and peaceful society. Through collaborative governance, the\r\nCentre enhances community resilience and promotes sustainable development,\r\naligning with Cambodia\'s national strategies.<o:p></o:p></p>', 'image/event/LTT0E8o0IvsiyS5YOmvWOVu75d9AdQxwvIAXhRXN.jpg', '[\"photo_2023-10-27_16-22-16 (2).jpg\", \"photo_2023-10-27_16-22-16.jpg\"]', '2024-12-12', 3, '2024-10-01 04:55:25', '2024-10-08 22:45:27', 9, 0),
(56, 2, 'Sustainable agriculture and rural development are vital for Cambodia\'s economic resilience.', '<p class=\"MsoNormal\" style=\"text-align:justify\">Sustainable agriculture and rural\r\ndevelopment are vital for Cambodia\'s economic resilience. The Research Centre\r\nemphasizes innovative practices that enhance food security while promoting\r\nenvironmental sustainability. By supporting smallholder farmers through access\r\nto resources and training, the Centre fosters community resilience and economic\r\nstability. Initiatives focusing on local food production align with Cambodia\'s\r\naim for 70% of food consumption to be sourced locally. The Centre advocates for\r\nequitable access to markets, ensuring that rural populations benefit from their\r\nagricultural efforts. By prioritizing rural development, the Centre contributes\r\nto poverty alleviation and social inclusion, fostering a sense of community and\r\nshared responsibility for sustainable practices, which are essential for\r\nCambodia\'s long-term development.<o:p></o:p></p>', 'image/event/7Ulu4y8dqV6FzcgFV78YXfqDASohQz0kw07cjeH3.jpg', '[\"photo_2023-10-27_16-22-16 (2).jpg\", \"photo_2023-10-27_16-22-16.jpg\"]', '2024-12-12', 3, '2024-10-01 05:03:00', '2024-10-14 15:57:13', 25, 0),
(57, 1, 'In Cambodia, enhancing health and education is crucial for fostering sustainable development.', '<p class=\"MsoNormal\" style=\"text-align:justify\">In Cambodia, enhancing health and\r\neducation is crucial for fostering sustainable development. The Research Centre\r\nprioritizes initiatives that improve access to quality healthcare and\r\neducation, particularly in rural and underserved communities. By integrating\r\nhealth education into school curricula, the Centre empowers students to make\r\ninformed health decisions. Additionally, advocating for affordable healthcare\r\nsolutions ensures that all Cambodians can access necessary services. The Centre\r\ncollaborates with local organizations to promote community participation,\r\nthereby creating a stable environment where health and education support each\r\nother. This holistic approach not only improves the quality of life but also\r\ncontributes to national goals of peace and equality, aligning with Cambodia\'s\r\ncommitment to the Sustainable Development Goals.<o:p></o:p></p>', 'image/event/zvmqrWX8S9SdGaRfxRU3GjRIdLSuhEMwjYsPHZxJ.jpg', '[\"photo_2023-10-27_16-22-16 (2).jpg\", \"photo_2023-10-27_16-22-16.jpg\"]', '2024-12-12', 3, '2024-10-01 05:12:32', '2024-10-14 15:58:08', 29, 0),
(58, 1, 's', 's', 'image/event/MntK7Bj2ZSHeWMrKZIW246wZlzwCY0nqYnVEX1NO.jpg', '[\"download.jpg\"]', '2024-09-10', 3, '2024-10-12 01:48:04', '2024-12-30 08:23:10', 0, 0);

-- --------------------------------------------------------

--
-- Table structure for table `eventstypes`
--

CREATE TABLE IF NOT EXISTS `eventstypes` (
  `id` int NOT NULL AUTO_INCREMENT,
  `eventname` text CHARACTER SET utf8 COLLATE utf8_unicode_ci,
  `decription` text COLLATE utf8_unicode_ci,
  `created_at` timestamp NOT NULL DEFAULT CURRENT_TIMESTAMP,
  `updated_at` timestamp NOT NULL DEFAULT CURRENT_TIMESTAMP ON UPDATE CURRENT_TIMESTAMP,
  `active` int DEFAULT NULL,
  PRIMARY KEY (`id`)
) ENGINE=MyISAM AUTO_INCREMENT=6 DEFAULT CHARSET=utf8mb3 COLLATE=utf8_unicode_ci;

--
-- Dumping data for table `eventstypes`
--

INSERT INTO `eventstypes` (`id`, `eventname`, `decription`, `created_at`, `updated_at`, `active`) VALUES
(1, 'Health & Education', 'events of department sciences', '2024-02-21 07:14:43', '2024-10-03 23:32:57', 1),
(2, 'Agricultures and rural', 'event of acounting', '2024-02-21 07:14:43', '2024-10-03 23:33:29', 1),
(3, 'Governance & Inclusion', 'event of depatment maketing', '2024-02-21 07:54:44', '2024-10-03 23:33:52', 1),
(4, 'Climate & Environmental', 'Addressing climate change and environmental degradation is a priority for the Research Centre in Cambodia. The Centre focuses on innovative solutions that promote sustainability while enhancing community resilience. By advocating for renewable energy sources and sustainable land management practices, the Centre aims to mitigate climate change impacts. Engaging local communities in environmental stewardship fosters ownership and responsibility for natural resources. The Centre emphasizes equitable access to clean water and sanitation, recognizing that environmental health directly impacts quality of life. By promoting policies prioritizing environmental justice, the Centre contributes to stability and peace, ensuring that all Cambodians can thrive in a sustainable future, in line with national goals.', '2024-02-21 07:54:44', '2024-10-03 23:34:46', 1),
(5, 'Economic', 'Law of the events ', '2024-03-17 09:21:22', '2024-10-03 23:35:58', 1);

-- --------------------------------------------------------

--
-- Table structure for table `faculties`
--

CREATE TABLE IF NOT EXISTS `faculties` (
  `id` int NOT NULL AUTO_INCREMENT,
  `faculty_kh` varchar(200) COLLATE utf8_unicode_ci DEFAULT NULL,
  `faculty_en` varchar(200) COLLATE utf8_unicode_ci DEFAULT NULL,
  `active` int DEFAULT NULL,
  PRIMARY KEY (`id`)
) ENGINE=MyISAM AUTO_INCREMENT=8 DEFAULT CHARSET=utf8mb3 COLLATE=utf8_unicode_ci;

--
-- Dumping data for table `faculties`
--

INSERT INTO `faculties` (`id`, `faculty_kh`, `faculty_en`, `active`) VALUES
(1, 'មហាវិទ្យាល័យ គ្រប់គ្រងពាណិជ្ជកម្ម', 'Faculty of Business Mangement', NULL),
(2, 'មហាវិទ្យាល័យគណិតសាស្ត្រ និងវិទ្យាសាស្ត្រ', 'Faculty Of Mathematics And Science', NULL),
(3, 'មហាវិទ្យាល័យសិល្បៈ មនុស្សសាស្ត្រ និងភាសា', 'Faculty Of Art Human And Languages', NULL),
(4, 'មហាវិទ្យាល័យអប់រំ', 'Faculty of Education', NULL),
(5, 'មហាវិទ្យាល័យ វិទ្យាសាស្ត្រសង្គមវិទ្យា', 'Faculty of Social Sciences', NULL);

-- --------------------------------------------------------

--
-- Table structure for table `failed_jobs`
--

CREATE TABLE IF NOT EXISTS `failed_jobs` (
  `id` bigint UNSIGNED NOT NULL AUTO_INCREMENT,
  `uuid` varchar(191) CHARACTER SET utf8mb4 COLLATE utf8mb4_unicode_ci NOT NULL,
  `connection` text CHARACTER SET utf8mb4 COLLATE utf8mb4_unicode_ci NOT NULL,
  `queue` text CHARACTER SET utf8mb4 COLLATE utf8mb4_unicode_ci NOT NULL,
  `payload` longtext CHARACTER SET utf8mb4 COLLATE utf8mb4_unicode_ci NOT NULL,
  `exception` longtext CHARACTER SET utf8mb4 COLLATE utf8mb4_unicode_ci NOT NULL,
  `failed_at` timestamp NOT NULL DEFAULT CURRENT_TIMESTAMP,
  PRIMARY KEY (`id`),
  UNIQUE KEY `failed_jobs_uuid_unique` (`uuid`)
) ENGINE=MyISAM DEFAULT CHARSET=utf8mb4 COLLATE=utf8mb4_unicode_ci;

-- --------------------------------------------------------

--
-- Table structure for table `gradlevel`
--

CREATE TABLE IF NOT EXISTS `gradlevel` (
  `id` int NOT NULL AUTO_INCREMENT,
  `grad_kh` varchar(200) COLLATE utf8_unicode_ci DEFAULT NULL,
  `grad_en` varchar(200) COLLATE utf8_unicode_ci DEFAULT NULL,
  `active` int DEFAULT '1',
  PRIMARY KEY (`id`)
) ENGINE=MyISAM AUTO_INCREMENT=6 DEFAULT CHARSET=utf8mb3 COLLATE=utf8_unicode_ci;

--
-- Dumping data for table `gradlevel`
--

INSERT INTO `gradlevel` (`id`, `grad_kh`, `grad_en`, `active`) VALUES
(1, 'ថ្នាក់ឆ្នាំមូលដ្ឋាន', 'Foundation', 1),
(2, 'បរិញ្ញាបត្ររង', 'Associate ', 1),
(3, 'បរិញ្ញាបត្រ', 'Bachelor Degree', 1),
(4, 'បរិញ្ញាបត្រជាន់ខ្ពស់', 'Master Degree', 1),
(5, 'បណ្ឌិត', 'Doctoral Degree', 1);

-- --------------------------------------------------------

--
-- Table structure for table `graduate`
--

CREATE TABLE IF NOT EXISTS `graduate` (
  `id` int NOT NULL AUTO_INCREMENT,
  `promotion` int DEFAULT NULL,
  `date` date DEFAULT NULL,
  `images` json DEFAULT NULL,
  `user_id` int DEFAULT NULL,
  `active` int DEFAULT '1',
  PRIMARY KEY (`id`)
) ENGINE=MyISAM DEFAULT CHARSET=utf8mb3 COLLATE=utf8_unicode_ci;

-- --------------------------------------------------------

--
-- Table structure for table `lecturer`
--

CREATE TABLE IF NOT EXISTS `lecturer` (
  `id` int NOT NULL AUTO_INCREMENT,
  `name` varchar(200) CHARACTER SET utf8 COLLATE utf8_unicode_ci DEFAULT NULL,
  `gender` varchar(100) CHARACTER SET utf8 COLLATE utf8_unicode_ci DEFAULT NULL,
  `dob` date DEFAULT NULL,
  `grade_level` int DEFAULT NULL,
  `position` text CHARACTER SET utf8 COLLATE utf8_unicode_ci,
  `facult_id` int DEFAULT NULL,
  `depart_id` int DEFAULT NULL,
  `marjors_id` int DEFAULT NULL,
  `imformation` text CHARACTER SET utf8 COLLATE utf8_unicode_ci,
  `phone` text CHARACTER SET utf8 COLLATE utf8_unicode_ci,
  `e_mail` text CHARACTER SET utf8 COLLATE utf8_unicode_ci,
  `address` text CHARACTER SET utf8 COLLATE utf8_unicode_ci,
  `photo` text CHARACTER SET utf8 COLLATE utf8_unicode_ci,
  `user_id` int DEFAULT NULL,
  `create_at` timestamp NOT NULL DEFAULT CURRENT_TIMESTAMP,
  `update_at` timestamp NOT NULL DEFAULT CURRENT_TIMESTAMP ON UPDATE CURRENT_TIMESTAMP,
  `active` int NOT NULL DEFAULT '1',
  PRIMARY KEY (`id`)
) ENGINE=MyISAM AUTO_INCREMENT=9 DEFAULT CHARSET=utf8mb3 COLLATE=utf8_unicode_ci;

--
-- Dumping data for table `lecturer`
--

INSERT INTO `lecturer` (`id`, `name`, `gender`, `dob`, `grade_level`, `position`, `facult_id`, `depart_id`, `marjors_id`, `imformation`, `phone`, `e_mail`, `address`, `photo`, `user_id`, `create_at`, `update_at`, `active`) VALUES
(1, 'PEN dara', '1', '2024-01-01', 1, 'IT', 1, NULL, 0, '<p>ឆ</p>', '060512168', 'pensaron@gmail.com', 'Battambong City, Battambong Provice, Cambodia', 'image/topmanagements/GF7szcSH4gImOZJ9g85WOWa0QqxebvycmjnSReB0.jpg', 4, '2024-03-07 23:34:57', '2024-03-20 03:02:35', 1),
(2, 'PEN Saron', '1', '2024-01-01', 2, 'Information Technology Enginnering', 1, NULL, 0, '<p>2</p>', '060512168', 'pensaron@gmail.com', 'Battambong City, Battambong Provice, Cambodia', 'image/topmanagements/jQX1bwme033sUNqoMlNM209kQyuDTgKOnKnWSq2z.jpg', 4, '2024-03-07 23:40:39', '2024-03-20 03:06:44', 1),
(3, 'PEN Saron', '1', '2024-01-01', 1, '1', 2, NULL, 0, '<p>e</p>', '060512168', 'pensaron@gmail.com', 'Battambong City, Battambong Provice, Cambodia', 'image/topmanagements/mScTEjxv1fDxIbG9D4eC1DHthl2s7LHpj0oS3Ruj.jpg', 4, '2024-03-08 00:16:48', '2024-03-20 01:00:36', 1),
(4, 'PEN Saron', '1', '2024-01-01', 3, '1', 3, NULL, 0, '<p>f</p>', '060512168', 'pensaron@gmail.com', 'Battambong City, Battambong Provice, Cambodia', 'image/topmanagements/BaipVhq4qKucmjY8pAXYXfYEIgyMtbTBgUkZPCWW.jpg', 4, '2024-03-08 00:17:15', '2024-03-20 01:00:39', 1),
(5, 'PEN Saron', '1', '2024-01-01', 3, '1', 1, NULL, 0, '<p>s</p>', '060512168', 'pensaron@gmail.com', 'Battambong City, Battambong Provice, Cambodia', 'image/topmanagements/TQTfFV0CioxffChvUrPVxPxKoVNCWNbS4XcawEfX.jpg', 4, '2024-03-08 00:18:08', '2024-03-20 03:30:45', 1),
(6, 'PEN Saron', '1', '2024-01-01', 2, '1', 2, NULL, 0, '<p>ff</p>', '060512168', 'pensaron@gmail.com', 'Battambong City, Battambong Provice, Cambodia', 'image/topmanagements/0LOHUj4UcSNFukAEi60toyAXStbldaKayguqunsP.jpg', 4, '2024-03-08 00:19:24', '2024-03-20 01:01:02', 1),
(7, 'PEN Saron', '1', '2024-01-01', 4, '1', 1, NULL, 0, '<p>sdfsadgsdgg</p>', '060512168', 'pensaron@gmail.com', 'Battambong City, Battambong Provice, Cambodia', 'image/topmanagements/n4ozMhPkgK8AQ0IJRRUf3FyQ9ZHutO3LSrDyYXGl.jpg', 4, '2024-03-08 00:35:14', '2024-03-20 01:01:05', 1),
(8, 'Prof. Khem Reaksmey', '1', '2024-01-01', 5, '1', 3, NULL, 9, '<p><span style=\"color: rgb(102, 102, 102); font-family: &quot;Khmer OS Siemreap&quot;, &quot;Khmer OS Battambang&quot;, Siemreap; font-size: 13px; text-align: justify; background-color: rgb(247, 247, 247);\">The idea of starting a new university in Battambang was first raised by its founding President, Mr. Khem Reaksmey. Mr. Reaksmey is a long-time resident of Battambang. He taught English for ten years, including five years at the well-known ACD (formerly ACE) in Battambang. He taught marketing and management courses at local universities in Battambang,and was Vice-President at one of them. He was the founding Director of PUC-Battambang Campus for three years, where he coordinated many projects with local and international NGOs. He received his Diploma in Business Management from RMIT University (Australia), and Bachelor’s Degree in Marketing Management, and he holds two Master’s Degrees: a Master’s of Business Administration (MBA), and a Master’s of Education (M.Ed.) in TESOL.</span><br></p>', '060512168', 'pensaron@gmail.com', 'Battambong City, Battambong Provice, Cambodia', 'image/topmanagements/F0XJoTDE7pSfXKnvDweOdvx6d8yGxNDLdcJaTMoE.jpg', 4, '2024-03-08 00:36:25', '2024-03-20 01:01:08', 1);

-- --------------------------------------------------------

--
-- Table structure for table `marjors`
--

CREATE TABLE IF NOT EXISTS `marjors` (
  `id` int NOT NULL AUTO_INCREMENT,
  `facult_id` int DEFAULT NULL,
  `depart_id` int DEFAULT NULL,
  `grade_id` int DEFAULT NULL,
  `code_id` varchar(30) COLLATE utf8_unicode_ci DEFAULT NULL,
  `marjors_kh` varchar(200) COLLATE utf8_unicode_ci DEFAULT NULL,
  `marjors_en` varchar(200) COLLATE utf8_unicode_ci DEFAULT NULL,
  `active` int DEFAULT '1',
  PRIMARY KEY (`id`)
) ENGINE=MyISAM AUTO_INCREMENT=22 DEFAULT CHARSET=utf8mb3 COLLATE=utf8_unicode_ci;

--
-- Dumping data for table `marjors`
--

INSERT INTO `marjors` (`id`, `facult_id`, `depart_id`, `grade_id`, `code_id`, `marjors_kh`, `marjors_en`, `active`) VALUES
(1, 1, 1, 1, 'ICT-01', 'គ្រប់គ្រង', 'Management', 1),
(2, 1, 1, 1, 'ICT-02', 'ទីផ្សារ', 'Marketing', 1),
(3, 1, 1, 1, 'ICT-03', 'គណនេយ្យ', 'Accounting', 1),
(4, 1, 1, 1, 'IT', 'ធនាគារ និងហិរញ្ញវត្ថុ', 'Banking and Finance', 1),
(5, 1, 4, 3, 'IT-04', 'ទេសចរណ៍ និងបដិសណ្ឋារកិច្ច', 'Tourism and Hospitality', 1),
(6, 3, 11, 3, '09', 'អក្សរសាស្ត្រអង់គ្លេស', 'English Language and Literature', 1),
(7, 3, 15, 3, '1', 'ខេមរភាសា', 'Khmer Studies', 1),
(8, 3, 12, 3, '02', 'ទស្សនវិទ្យា', 'Philosophy', 1),
(9, 2, 5, 3, '001', 'វិទ្យាសាស្ត្របរិស្ថាន', 'Environmental Science', 1),
(10, 2, 7, 3, '001', 'ស្តិតិវិទ្យា', 'Statistics and Research', 1),
(11, 2, 6, 3, '003', 'អភិវឌ្ឍន៍ប្រព័ន្ធព័ត៌មាន', 'Software Engineering', 1),
(12, 2, 6, 3, '004', 'តបណ្តាញ', 'Networking and Communication', 1),
(13, 2, 7, 3, '005', 'គណិតវិទ្យា', 'Mathematics', 1),
(14, 5, 8, 5, '006', 'បណ្ឌិត អភិវឌ្ឍន៍សហគមន៍', 'PHD. Community Development', 1),
(15, 5, 10, 5, '006', 'បណ្ឌិត ការងារសង្គម', 'PHD. Social Works', 1),
(16, 4, 9, 3, '007', 'សេដ្ឋកិច្ច', 'Economics', 1),
(17, 5, 10, 5, '005', 'វិទ្យាសាស្ត្រនយោបាយ', 'Political Science', 1),
(18, 4, 13, 3, '005', 'អប់រំភាសាអង់គ្លេស', 'TESOL', 1),
(19, 4, 13, 5, '001', 'អប់រំសហគមន៍', 'Community Education', 1),
(20, 4, 13, 5, '008', 'រដ្ឋបាលអប់រំ', 'Education Administration', 1),
(21, 1, 1, 3, '009', 'sdjklfe', 'sfkaergt', 1);

-- --------------------------------------------------------

--
-- Table structure for table `messages`
--

CREATE TABLE IF NOT EXISTS `messages` (
  `id` int NOT NULL AUTO_INCREMENT,
  `messages_kh` text CHARACTER SET utf8 COLLATE utf8_unicode_ci,
  `messages_en` text COLLATE utf8_unicode_ci,
  `create_at` timestamp NOT NULL DEFAULT CURRENT_TIMESTAMP,
  `update_at` timestamp NOT NULL DEFAULT CURRENT_TIMESTAMP ON UPDATE CURRENT_TIMESTAMP,
  PRIMARY KEY (`id`)
) ENGINE=MyISAM AUTO_INCREMENT=5 DEFAULT CHARSET=utf8mb3 COLLATE=utf8_unicode_ci;

--
-- Dumping data for table `messages`
--

INSERT INTO `messages` (`id`, `messages_kh`, `messages_en`, `create_at`, `update_at`) VALUES
(3, 'Dewey International University (DIU) licensed by the Royal Government of Cambodia through Sub-decree No.16 អនក្រ.បក dated on January 20, 2011', 'ហ៊ួ', '2024-03-01 08:33:51', '2024-03-01 09:08:03'),
(4, 'សាកលវិទ្យាល័យប្រារព្ធពិធី 2+2 នៅបន្តចុះឈ្មោះជារៀងរាល់ថ្ងៃ ទំនាក់ទំនងលេខទូរស័ព្ទ ០៦០ ៥១២ ១៦៨', 'qweeqwrwtrweteyy', '2024-03-13 07:48:26', '2024-03-13 07:59:42');

-- --------------------------------------------------------

--
-- Table structure for table `migrations`
--

CREATE TABLE IF NOT EXISTS `migrations` (
  `id` int UNSIGNED NOT NULL AUTO_INCREMENT,
  `migration` varchar(191) CHARACTER SET utf8mb4 COLLATE utf8mb4_unicode_ci NOT NULL,
  `batch` int NOT NULL,
  PRIMARY KEY (`id`)
) ENGINE=MyISAM AUTO_INCREMENT=10 DEFAULT CHARSET=utf8mb4 COLLATE=utf8mb4_unicode_ci;

--
-- Dumping data for table `migrations`
--

INSERT INTO `migrations` (`id`, `migration`, `batch`) VALUES
(1, '2014_10_12_000000_create_users_table', 1),
(2, '2014_10_12_100000_create_password_resets_table', 1),
(3, '2019_08_19_000000_create_failed_jobs_table', 1),
(4, '2021_07_19_093854_create_patients_table', 2),
(6, '2021_07_19_095355_add_new_columns_to_patients_table', 3),
(7, '2021_08_23_092802_create_roles_table', 4),
(9, '2021_08_23_095116_add_role_id_into_users_table', 5);

-- --------------------------------------------------------

--
-- Table structure for table `patients`
--

CREATE TABLE IF NOT EXISTS `patients` (
  `id` bigint UNSIGNED NOT NULL AUTO_INCREMENT,
  `name` varchar(100) CHARACTER SET utf8mb4 COLLATE utf8mb4_unicode_ci NOT NULL,
  `gender` tinyint(1) NOT NULL,
  `dob` varchar(15) CHARACTER SET utf8mb4 COLLATE utf8mb4_unicode_ci DEFAULT NULL,
  `remarks` text CHARACTER SET utf8mb4 COLLATE utf8mb4_unicode_ci,
  `created_by` bigint UNSIGNED NOT NULL,
  `updated_by` bigint UNSIGNED NOT NULL,
  `created_at` timestamp NULL DEFAULT NULL,
  `updated_at` timestamp NULL DEFAULT NULL,
  PRIMARY KEY (`id`),
  KEY `patients_created_by_foreign` (`created_by`),
  KEY `patients_updated_by_foreign` (`updated_by`)
) ENGINE=MyISAM AUTO_INCREMENT=13 DEFAULT CHARSET=utf8mb4 COLLATE=utf8mb4_unicode_ci;

--
-- Dumping data for table `patients`
--

INSERT INTO `patients` (`id`, `name`, `gender`, `dob`, `remarks`, `created_by`, `updated_by`, `created_at`, `updated_at`) VALUES
(1, 'Meas Kosal', 1, '10-09-2000', 'New patient', 1, 1, NULL, NULL),
(2, 'Sok Srey', 0, '10-09-2004', 'New patient', 1, 1, '2021-07-19 10:20:57', '2021-07-19 10:20:57'),
(3, 'Ney Long', 1, '12-05-1979', 'Old patient', 1, 1, '2021-07-01 11:00:54', '2021-08-02 03:04:41'),
(12, 'Samnang', 1, '15-03-1999', 'welcome samnang', 1, 1, '2021-08-16 03:30:34', '2021-08-16 03:30:34'),
(9, 'Mr A', 1, '02-01-2001', 'hello', 1, 1, '2021-08-16 03:21:34', '2021-08-16 03:21:34'),
(10, 'Mr B', 1, '15-09-2009', 'hi', 1, 1, '2021-08-16 03:21:50', '2021-08-16 03:21:50'),
(11, 'Heng', 1, '27-09-2003', 'welcome mr. heng', 1, 1, '2021-08-16 03:22:11', '2021-08-16 03:22:11');

-- --------------------------------------------------------

--
-- Table structure for table `pisition`
--

CREATE TABLE IF NOT EXISTS `pisition` (
  `id` int NOT NULL AUTO_INCREMENT,
  `position_kh` text CHARACTER SET utf8 COLLATE utf8_unicode_ci,
  `position_en` text CHARACTER SET utf8 COLLATE utf8_unicode_ci,
  `responsibility` text COLLATE utf8_unicode_ci,
  PRIMARY KEY (`id`)
) ENGINE=MyISAM AUTO_INCREMENT=9 DEFAULT CHARSET=utf8mb3 COLLATE=utf8_unicode_ci;

--
-- Dumping data for table `pisition`
--

INSERT INTO `pisition` (`id`, `position_kh`, `position_en`, `responsibility`) VALUES
(1, 'សាកលវិទ្យាធិការរង', 'Vice President', NULL),
(2, 'សាកលវិទ្យាធិការ', 'Director President', NULL),
(3, 'ព្រឹទ្ធិបុរស', 'Dean', 'មហាវិទ្យាល័យគ្រប់គ្រង'),
(4, 'ព្រឹទ្ធិបុរស', 'Vice Dean', NULL),
(5, NULL, NULL, NULL),
(6, NULL, NULL, NULL),
(7, NULL, NULL, NULL),
(8, NULL, NULL, NULL);

-- --------------------------------------------------------

--
-- Table structure for table `publication`
--

CREATE TABLE IF NOT EXISTS `publication` (
  `id` int NOT NULL AUTO_INCREMENT,
  `publictypes_id` int DEFAULT NULL,
  `title` text CHARACTER SET utf8 COLLATE utf8_unicode_ci,
  `description` text CHARACTER SET utf8 COLLATE utf8_unicode_ci,
  `link` text CHARACTER SET utf8 COLLATE utf8_unicode_ci,
  `publication_date` date DEFAULT NULL,
  `image` text COLLATE utf8_unicode_ci,
  `more_image` text COLLATE utf8_unicode_ci,
  `create_at` timestamp NOT NULL DEFAULT CURRENT_TIMESTAMP,
  `updated_at` timestamp NOT NULL DEFAULT CURRENT_TIMESTAMP ON UPDATE CURRENT_TIMESTAMP,
  `user_id` int DEFAULT NULL,
  `read` int DEFAULT '0',
  `active` tinyint NOT NULL DEFAULT '1',
  PRIMARY KEY (`id`)
) ENGINE=MyISAM AUTO_INCREMENT=6 DEFAULT CHARSET=utf8mb3 COLLATE=utf8_unicode_ci;

--
-- Dumping data for table `publication`
--

INSERT INTO `publication` (`id`, `publictypes_id`, `title`, `description`, `link`, `publication_date`, `image`, `more_image`, `create_at`, `updated_at`, `user_id`, `read`, `active`) VALUES
(1, NULL, 'g', NULL, NULL, '2012-12-12', NULL, NULL, '2024-10-12 03:48:04', '2024-10-14 14:53:08', 0, 2, 1),
(2, 2, '1', '1', '1', '2012-12-12', 'image/publication/DU2FpZpeyFxFzRh0QRyu0mBb6TfTdKDgJrYMJEg0.jpg', '[\"download.jpg\"]', '2024-10-12 03:51:52', '2024-10-14 14:53:00', 3, 6, 1),
(3, NULL, '1', '1', NULL, '2012-12-12', NULL, '[\"download.jpg\"]', '2024-10-12 03:53:24', '2024-10-12 14:07:43', 3, 1, 1),
(4, 1, 'Reseach & Reports\r\nIn Cambodia, enhancing health and education is crucial for fostering sustainable development. The Research Centre prioritizes initiatives that improve access to quality healthcare and education, particularly in rural and underserved communities. By integrating health education into school curricula, the Centre empowers students to make informed health decisions. Additionally, advocating for affordable healthcare solutions ensures that all Cambodians can access necessary services. The Centre collaborates with local organizations to promote community participation, thereby creating a stable environment where health and education support each other. This holistic approach not only improves the quality of life but also contributes to national goals of peace and equality, aligning with Cambodia\'s commitment to the Sustainable Development Goals.', 'Reseach & Reports\r\nIn Cambodia, enhancing health and education is crucial for fostering sustainable development. The Research Centre prioritizes initiatives that improve access to quality healthcare and education, particularly in rural and underserved communities. By integrating health education into school curricula, the Centre empowers students to make informed health decisions. Additionally, advocating for affordable healthcare solutions ensures that all Cambodians can access necessary services. The Centre collaborates with local organizations to promote community participation, thereby creating a stable environment where health and education support each other. This holistic approach not only improves the quality of life but also contributes to national goals of peace and equality, aligning with Cambodia\'s commitment to the Sustainable Development Goals.', 'image/publication/links/8w5gpuiGyniQxA1tvu64ho4FfOzfAVsBvQkE9qUi.pdf', '2012-12-12', 'image/publication/UjuoKA1cZQWjZkV9itkuJ79LO01imBW8XlfsiYzP.jpg', '[\"448821654_357025997408166_3009915077380633194_n.jpg\"]', '2024-10-12 04:03:12', '2024-10-15 00:24:17', 3, 65, 1),
(5, 1, 'asdfghj', 'fgh', 'image/publication/links/xj9Idb8qm1lc5OEbmQSAUkm5Zio6liar58lzlWrb.pdf', '2012-12-12', 'image/publication/9FcOx0QS0IvwZkcFnaiJvGsRQQmOcc10TFbHuN86.jpg', '[\"1.jpg\",\"2.jpg\",\"3.jpg\"]', '2024-10-12 04:09:37', '2024-10-19 01:02:05', 3, 41, 1);

-- --------------------------------------------------------

--
-- Table structure for table `publicationtype`
--

CREATE TABLE IF NOT EXISTS `publicationtype` (
  `id` int NOT NULL AUTO_INCREMENT,
  `publictype` text CHARACTER SET utf8 COLLATE utf8_unicode_ci,
  `description` text COLLATE utf8_unicode_ci,
  `create_at` timestamp NOT NULL DEFAULT CURRENT_TIMESTAMP,
  `user_id` int DEFAULT NULL,
  `active` int NOT NULL DEFAULT '1',
  PRIMARY KEY (`id`)
) ENGINE=MyISAM AUTO_INCREMENT=6 DEFAULT CHARSET=utf8mb3 COLLATE=utf8_unicode_ci;

--
-- Dumping data for table `publicationtype`
--

INSERT INTO `publicationtype` (`id`, `publictype`, `description`, `create_at`, `user_id`, `active`) VALUES
(1, 'Research Paper', 'Research Paper', '2024-10-16 23:26:49', 3, 1),
(2, 'International Publication', 'International Publication', '2024-10-16 23:30:07', 3, 1),
(3, 'Center Journal', 'Center Journal', '2024-10-16 23:30:07', 3, 1),
(4, 'Wroking Paper', 'Wroking Paper', '2024-10-16 23:30:07', 3, 1),
(5, 'Concep Note', 'Concep Note', '2024-10-16 23:30:07', 3, 1);

-- --------------------------------------------------------

--
-- Table structure for table `pucliccoment`
--

CREATE TABLE IF NOT EXISTS `pucliccoment` (
  `id` int NOT NULL AUTO_INCREMENT,
  `public_id` int DEFAULT NULL,
  `comments` text COLLATE utf8_unicode_ci,
  `e_mail` text COLLATE utf8_unicode_ci,
  `date` timestamp NOT NULL DEFAULT CURRENT_TIMESTAMP,
  `users_id` int DEFAULT NULL,
  `active` tinyint NOT NULL DEFAULT '1',
  PRIMARY KEY (`id`)
) ENGINE=MyISAM AUTO_INCREMENT=3 DEFAULT CHARSET=utf8mb3 COLLATE=utf8_unicode_ci;

--
-- Dumping data for table `pucliccoment`
--

INSERT INTO `pucliccoment` (`id`, `public_id`, `comments`, `e_mail`, `date`, `users_id`, `active`) VALUES
(1, 4, 'werty', 'saron@gmail.com', '2024-10-14 15:08:17', 3, 1),
(2, 4, 'ertyjkl', 'saron@gmail.com', '2024-10-14 15:08:32', 3, 1);

-- --------------------------------------------------------

--
-- Table structure for table `researchs`
--

CREATE TABLE IF NOT EXISTS `researchs` (
  `id` int NOT NULL AUTO_INCREMENT,
  `eventypes_id` int DEFAULT NULL,
  `title` text CHARACTER SET utf8 COLLATE utf8_unicode_ci,
  `discription` text COLLATE utf8_unicode_ci,
  `link` text COLLATE utf8_unicode_ci,
  `image` text CHARACTER SET utf8 COLLATE utf8_unicode_ci,
  `image_more` text COLLATE utf8_unicode_ci,
  `userid` int DEFAULT NULL,
  `create_at` timestamp NOT NULL,
  `create_up` timestamp NOT NULL,
  `active` int NOT NULL DEFAULT '1',
  PRIMARY KEY (`id`)
) ENGINE=MyISAM DEFAULT CHARSET=utf8mb3 COLLATE=utf8_unicode_ci;

-- --------------------------------------------------------

--
-- Table structure for table `roles`
--

CREATE TABLE IF NOT EXISTS `roles` (
  `role_id` smallint UNSIGNED NOT NULL,
  `role_name` varchar(50) CHARACTER SET utf8mb4 COLLATE utf8mb4_unicode_ci NOT NULL,
  `role_slug` varchar(50) CHARACTER SET utf8mb4 COLLATE utf8mb4_unicode_ci NOT NULL,
  `active` tinyint(1) NOT NULL DEFAULT '1',
  PRIMARY KEY (`role_id`)
) ENGINE=MyISAM DEFAULT CHARSET=utf8mb4 COLLATE=utf8mb4_unicode_ci;

--
-- Dumping data for table `roles`
--

INSERT INTO `roles` (`role_id`, `role_name`, `role_slug`, `active`) VALUES
(1, 'System Administrator', 'administrator', 1),
(2, 'Patient', 'patient', 1),
(3, 'Editor', 'editor', 0),
(4, 'Moderator', 'moderator', 0);

-- --------------------------------------------------------

--
-- Table structure for table `sliders`
--

CREATE TABLE IF NOT EXISTS `sliders` (
  `id` int NOT NULL AUTO_INCREMENT,
  `title` text COLLATE utf8_unicode_ci,
  `descriptions` text COLLATE utf8_unicode_ci,
  `img_slide` text COLLATE utf8_unicode_ci,
  `created_at` timestamp NOT NULL DEFAULT CURRENT_TIMESTAMP,
  `updated_at` timestamp NOT NULL DEFAULT CURRENT_TIMESTAMP ON UPDATE CURRENT_TIMESTAMP,
  `user_id` int DEFAULT NULL,
  `active` int NOT NULL DEFAULT '1',
  PRIMARY KEY (`id`)
) ENGINE=MyISAM AUTO_INCREMENT=10 DEFAULT CHARSET=utf8mb3 COLLATE=utf8_unicode_ci;

--
-- Dumping data for table `sliders`
--

INSERT INTO `sliders` (`id`, `title`, `descriptions`, `img_slide`, `created_at`, `updated_at`, `user_id`, `active`) VALUES
(7, 'WELCOME!', 'Dewey International University', 'image/sliders/Ci8V6M9J3rX1em3YxtilE0wH1vVD6fO9r8AKHzDe.jpg', '2024-02-29 19:47:36', '2024-03-25 00:15:00', 4, 1),
(3, 'WELCOME!', 'Dewey International University', 'image/sliders/j1akTOtGMMerfE4yC6xN0mdI01yl9J6jUZ8c4B8E.jpg', '2024-02-29 19:45:26', '2024-03-25 00:15:09', 4, 1),
(4, 'WELCOME!', 'Dewey International University', 'image/sliders/ZnE0i4SbgDSyjo6wVgGhZdR0j1WVjw1u2clQyzxb.jpg', '2024-02-29 19:45:58', '2024-03-25 00:15:13', 4, 1),
(5, 'WELCOME!', 'Dewey International University', 'image/sliders/QcSvzrurx1ueIT41NugPUZVm9X6VHrlDkIxfEtiG.jpg', '2024-02-29 19:46:18', '2024-03-25 00:15:17', 4, 1),
(6, 'WELCOME!', 'Dewey International University', 'image/sliders/KEHTzCeOFATR5gdQM6dZEhGcM48H5gB1WDDH7nn0.jpg', '2024-02-29 19:46:44', '2024-03-24 23:35:47', 4, 1),
(8, 'WELCOME!', 'Dewey International University', 'image/sliders/slider_4.png', '2024-02-29 19:47:56', '2024-10-04 00:25:04', 4, 1);

-- --------------------------------------------------------

--
-- Table structure for table `students`
--

CREATE TABLE IF NOT EXISTS `students` (
  `id` int NOT NULL AUTO_INCREMENT,
  `name` text COLLATE utf8_unicode_ci,
  `email` text COLLATE utf8_unicode_ci,
  `course` text COLLATE utf8_unicode_ci,
  `updated_at` timestamp NULL DEFAULT CURRENT_TIMESTAMP,
  `created_at` timestamp NULL DEFAULT CURRENT_TIMESTAMP,
  PRIMARY KEY (`id`)
) ENGINE=MyISAM AUTO_INCREMENT=5 DEFAULT CHARSET=utf8mb3 COLLATE=utf8_unicode_ci;

--
-- Dumping data for table `students`
--

INSERT INTO `students` (`id`, `name`, `email`, `course`, `updated_at`, `created_at`) VALUES
(1, 'sss', 'sass', 'ssss', '2024-02-18 11:45:57', '2024-02-18 11:45:57'),
(2, 'PEN Saron', 'pensaron@gmail.com', 'sdfsadf', '2024-02-18 11:48:14', '2024-02-18 11:48:14'),
(3, 'PEN Saron', 'pensaron@gmail.com', 'sdfsadf', '2024-02-18 11:48:54', '2024-02-18 11:48:54'),
(4, 'PEN Saron', 'pensaron@gmail.com', 'sdfsadf', '2024-02-18 11:51:29', '2024-02-18 11:51:29');

-- --------------------------------------------------------

--
-- Table structure for table `subjects`
--

CREATE TABLE IF NOT EXISTS `subjects` (
  `id` int NOT NULL AUTO_INCREMENT,
  `facult_id` int DEFAULT NULL,
  `depart_id` int DEFAULT NULL,
  `marjors_id` int DEFAULT NULL,
  `crade_id` int DEFAULT NULL,
  `cours_year` int DEFAULT NULL,
  `semessters` int DEFAULT NULL,
  `hours` int DEFAULT NULL,
  `gredit` int DEFAULT NULL,
  `Apply` varchar(20) COLLATE utf8_unicode_ci DEFAULT NULL,
  `code_id` varchar(40) COLLATE utf8_unicode_ci DEFAULT NULL,
  `subjects_kh` varchar(200) COLLATE utf8_unicode_ci DEFAULT NULL,
  `subjects_en` varchar(200) COLLATE utf8_unicode_ci DEFAULT NULL,
  `user_id` int DEFAULT NULL,
  `create_at` timestamp NOT NULL DEFAULT CURRENT_TIMESTAMP,
  `update_at` timestamp NOT NULL DEFAULT CURRENT_TIMESTAMP ON UPDATE CURRENT_TIMESTAMP,
  `active` int DEFAULT '1',
  PRIMARY KEY (`id`)
) ENGINE=MyISAM AUTO_INCREMENT=115 DEFAULT CHARSET=utf8mb3 COLLATE=utf8_unicode_ci;

--
-- Dumping data for table `subjects`
--

INSERT INTO `subjects` (`id`, `facult_id`, `depart_id`, `marjors_id`, `crade_id`, `cours_year`, `semessters`, `hours`, `gredit`, `Apply`, `code_id`, `subjects_kh`, `subjects_en`, `user_id`, `create_at`, `update_at`, `active`) VALUES
(113, 3, 2, 3, 1, 1, 1, 45, 3, '3(2-1-0)', 'ICT-001', 'ភាសា C++', 'C++', 4, '2024-03-14 04:11:13', '2024-03-14 04:11:13', 1),
(114, 3, 1, 3, 1, 1, 1, 45, 3, '3(2-1-0)', '66', '666', '66', 4, '2024-03-14 04:15:16', '2024-03-14 04:28:10', 1);

-- --------------------------------------------------------

--
-- Table structure for table `tbmou`
--

CREATE TABLE IF NOT EXISTS `tbmou` (
  `id` int NOT NULL AUTO_INCREMENT,
  `partner_kh` text CHARACTER SET utf8 COLLATE utf8_unicode_ci,
  `partner_en` text CHARACTER SET utf8 COLLATE utf8_unicode_ci,
  `e_mail` text COLLATE utf8_unicode_ci,
  `website` text COLLATE utf8_unicode_ci,
  `com_partner` text COLLATE utf8_unicode_ci,
  `country` text COLLATE utf8_unicode_ci,
  `logo` text CHARACTER SET utf8 COLLATE utf8_unicode_ci,
  `images` text COLLATE utf8_unicode_ci,
  `active` int DEFAULT '1',
  PRIMARY KEY (`id`)
) ENGINE=MyISAM AUTO_INCREMENT=10 DEFAULT CHARSET=utf8mb3 COLLATE=utf8_unicode_ci;

--
-- Dumping data for table `tbmou`
--

INSERT INTO `tbmou` (`id`, `partner_kh`, `partner_en`, `e_mail`, `website`, `com_partner`, `country`, `logo`, `images`, `active`) VALUES
(1, 'សាកលវិទ្យាល័យស្វាយរៀង', 'Svay Rieng University', 'pensaron@gmail.com', 'https://www.sru.edu/', 'Partnership', 'USA', 'image/partnership/rbqSislsFpEwCAzcGiTRU2OAbIr8f9R09FmnC3lW.png', 'image/partnership/kCb3orKzonvAfY2HF0H2bTM47MVqBYb3xRiSO4Mu.jpg', 1),
(2, 'វិទ្យាស្ថានគរុកោសល្យ បាត់ដំបង', 'Battambang Teacher Education College', 'pensaron@gmail.com', 'https://www.btec.edu/', 'Frienship', 'Cambodia', 'image/partnership/5dlPPvomkchZG0axTmwfBmLlVv42QGwNpAwLQOL6.jpg', 'image/partnership/RWXH9MDNZx17CzBk1TxUfmzKJIHnVFqAQYRX07DG.jpg', 1),
(3, 'សាកលវិទ្យាល័យ ហេង សំរិន ត្បូងឃ្មុំ', 'University Heng Samren thbounkhum', 'pensaron@gmail.com', 'https://www.uhst.edu/', 'Partnership', 'Cambodia', 'image/partnership/Pa9brPpSuYbBNcUi4duRyCPkCVZkHnKV3UYKMR0o.jpg', 'image/partnership/MrIQ6VVFLgQKGUUWDZODkM6iGjEyLC3XGMppzhVH.jpg', 1),
(4, 'សាកលវិទ្យាល័យជាតិបាត់ដំបង', 'National University Batambang', 'pensaron@gmail.com', 'https://nubb.edu.kh/en/', 'MOU Partnership', 'Cambodia', 'image/partnership/wgTdRPKI9vj2rgZM1PRCNsBnaiWfs2zcVGHauvMn.png', 'image/partnership/K8CvarGQ6YocT2Q4zu6lYbDhQ1Ba1NorxD6pX6g0.jpg', 1),
(5, 'សាកលវិទ្យាល័យ ឃែនស្តែត', 'Kent state University', 'pensaron@gmail.com', 'https://www.kent.edu/', '2+2 Programs of Kent state University  and Dewey International University', 'USA', 'image/partnership/FaGUzjTG6xRfXj9JotwT1YWmwh6ATNDewZAsgXMh.jpg', 'image/partnership/svVa6hJ3IMwbKjVhrOo6hPusjNGyGdCppv8rLFJ3.jpg', 1),
(6, 'សាកលវិទ្យាល័យអន្តរជាតិ ឌូវី', 'Dewey International University', 'pensaron@gmail.com', 'https://www.diu.edu/', 'friendship', 'Cambodia', 'image/partnership/23v7SnaZqNrem0c8fKvHbH6QsF1aLBRWbG7jW3yS.png', 'image/partnership/t56kjJixmHwEQXEdrokJsHOZHEZeY00TetNM96BP.jpg', 1),
(7, 'សាកលវិទ្យាល័យអន្តរជាតិ ឌូវី', 'Dewey International University', 'pensaron@gmail.com', 'https://www.diu.edu.kh/', 'friendship', 'Cambodia', 'image/partnership/zNdOqhyusJJejnHTpkYnNI5B9vBYUTtMPxvTfU5j.png', 'image/partnership/nnFg3ip5Y3ARhJt1iwFSUsJvFKdruhMEa0utpLQA.jpg', 1),
(8, 'សាលាអន្តរជាតិ បាត់ដំបង', 'International School of Battambang', 'pensaron@gmail.com', 'https://www.ISBB.edu/', 'friendship', 'Cambodia', 'image/partnership/UYbYXFDMfJl2JZRuvNcs6Oy4qglCbmMTV32Lorjy.png', 'image/partnership/9Rq1FzhrS7qEg7wgZ7Gzy08ccQwI7TecFaiY8eMx.jpg', 1),
(9, 'ក្រុមហ៊ុនឌូវី', 'Dewey International Co,.ltd', 'pensaron@gmail.com', 'https://www.diu.edu/', 'Partnership', 'Cambodia', 'image/partnership/HIfNmsZDku46tiRAwZ3vBWnYaqKG47k2JivwpLDJ.jpg', 'image/partnership/wjPbxPrRKQkv67wqliBaWvMwfZ5kH3gOiBKtrCEa.jpg', 1);

-- --------------------------------------------------------

--
-- Table structure for table `topmanagement`
--

CREATE TABLE IF NOT EXISTS `topmanagement` (
  `id` int NOT NULL AUTO_INCREMENT,
  `name` varchar(200) CHARACTER SET utf8 COLLATE utf8_unicode_ci DEFAULT NULL,
  `gender` varchar(100) CHARACTER SET utf8 COLLATE utf8_unicode_ci DEFAULT NULL,
  `dob` date DEFAULT NULL,
  `grade_level` int DEFAULT NULL,
  `position` text CHARACTER SET utf8 COLLATE utf8_unicode_ci,
  `marjor` text CHARACTER SET utf8 COLLATE utf8_unicode_ci,
  `imformation` text CHARACTER SET utf8 COLLATE utf8_unicode_ci,
  `phone` text CHARACTER SET utf8 COLLATE utf8_unicode_ci,
  `e_mail` text CHARACTER SET utf8 COLLATE utf8_unicode_ci,
  `address` text CHARACTER SET utf8 COLLATE utf8_unicode_ci,
  `photo` text CHARACTER SET utf8 COLLATE utf8_unicode_ci,
  `user_id` int DEFAULT NULL,
  `create_at` timestamp NOT NULL DEFAULT CURRENT_TIMESTAMP,
  `update_at` timestamp NOT NULL DEFAULT CURRENT_TIMESTAMP ON UPDATE CURRENT_TIMESTAMP,
  `active` int NOT NULL DEFAULT '1',
  PRIMARY KEY (`id`)
) ENGINE=MyISAM AUTO_INCREMENT=9 DEFAULT CHARSET=utf8mb3 COLLATE=utf8_unicode_ci;

--
-- Dumping data for table `topmanagement`
--

INSERT INTO `topmanagement` (`id`, `name`, `gender`, `dob`, `grade_level`, `position`, `marjor`, `imformation`, `phone`, `e_mail`, `address`, `photo`, `user_id`, `create_at`, `update_at`, `active`) VALUES
(1, 'PEN Saron', '1', '2024-01-01', 1, '1', 'ICT-02', '<p>ឆ</p>', '060512168', 'pensaron@gmail.com', 'Battambong City, Battambong Provice, Cambodia', 'image/topmanagements/GF7szcSH4gImOZJ9g85WOWa0QqxebvycmjnSReB0.jpg', 4, '2024-03-07 23:34:57', '2024-03-07 23:34:57', 1),
(2, 'PEN Saron', '1', '2024-01-01', 2, '1', 'ICT-02', '<p>2</p>', '060512168', 'pensaron@gmail.com', 'Battambong City, Battambong Provice, Cambodia', 'image/topmanagements/jQX1bwme033sUNqoMlNM209kQyuDTgKOnKnWSq2z.jpg', 4, '2024-03-07 23:40:39', '2024-03-07 23:40:39', 1),
(3, 'PEN Saron', '1', '2024-01-01', 1, '1', 'ICT-01', '<p>e</p>', '060512168', 'pensaron@gmail.com', 'Battambong City, Battambong Provice, Cambodia', 'image/topmanagements/mScTEjxv1fDxIbG9D4eC1DHthl2s7LHpj0oS3Ruj.jpg', 4, '2024-03-08 00:16:48', '2024-03-08 00:16:48', 1),
(4, 'PEN Saron', '1', '2024-01-01', 3, '1', 'ICT-02', '<p>f</p>', '060512168', 'pensaron@gmail.com', 'Battambong City, Battambong Provice, Cambodia', 'image/topmanagements/BaipVhq4qKucmjY8pAXYXfYEIgyMtbTBgUkZPCWW.jpg', 4, '2024-03-08 00:17:15', '2024-03-08 00:17:15', 1),
(5, 'PEN Saron', '1', '2024-01-01', 3, '1', 'ICT-01', '<p>s</p>', '060512168', 'pensaron@gmail.com', 'Battambong City, Battambong Provice, Cambodia', 'image/topmanagements/TQTfFV0CioxffChvUrPVxPxKoVNCWNbS4XcawEfX.jpg', 4, '2024-03-08 00:18:08', '2024-03-08 00:18:08', 1),
(6, 'PEN Saron', '1', '2024-01-01', 2, '1', 'ICT-02', '<p>ff</p>', '060512168', 'pensaron@gmail.com', 'Battambong City, Battambong Provice, Cambodia', 'image/topmanagements/0LOHUj4UcSNFukAEi60toyAXStbldaKayguqunsP.jpg', 4, '2024-03-08 00:19:24', '2024-03-08 00:19:24', 1),
(7, 'PEN Saron', '1', '2024-01-01', 4, '1', 'ICT-03', '<p>sdfsadgsdgg</p>', '060512168', 'pensaron@gmail.com', 'Battambong City, Battambong Provice, Cambodia', 'image/topmanagements/n4ozMhPkgK8AQ0IJRRUf3FyQ9ZHutO3LSrDyYXGl.jpg', 4, '2024-03-08 00:35:14', '2024-03-08 00:35:14', 1),
(8, 'Prof. Khem Reaksmey', '1', '2024-01-01', 5, '1', '09', '<p><span style=\"color: rgb(102, 102, 102); font-family: &quot;Khmer OS Siemreap&quot;, &quot;Khmer OS Battambang&quot;, Siemreap; font-size: 13px; text-align: justify; background-color: rgb(247, 247, 247);\">The idea of starting a new university in Battambang was first raised by its founding President, Mr. Khem Reaksmey. Mr. Reaksmey is a long-time resident of Battambang. He taught English for ten years, including five years at the well-known ACD (formerly ACE) in Battambang. He taught marketing and management courses at local universities in Battambang,and was Vice-President at one of them. He was the founding Director of PUC-Battambang Campus for three years, where he coordinated many projects with local and international NGOs. He received his Diploma in Business Management from RMIT University (Australia), and Bachelor’s Degree in Marketing Management, and he holds two Master’s Degrees: a Master’s of Business Administration (MBA), and a Master’s of Education (M.Ed.) in TESOL.</span><br></p>', '060512168', 'pensaron@gmail.com', 'Battambong City, Battambong Provice, Cambodia', 'image/topmanagements/F0XJoTDE7pSfXKnvDweOdvx6d8yGxNDLdcJaTMoE.jpg', 4, '2024-03-08 00:36:25', '2024-03-14 08:19:03', 1);

-- --------------------------------------------------------

--
-- Table structure for table `typles_publication`
--

CREATE TABLE IF NOT EXISTS `typles_publication` (
  `id` int NOT NULL AUTO_INCREMENT,
  `title` text COLLATE utf8_unicode_ci,
  `create_at` timestamp NOT NULL DEFAULT CURRENT_TIMESTAMP,
  `create_up` timestamp NOT NULL DEFAULT CURRENT_TIMESTAMP,
  `active` int DEFAULT NULL,
  PRIMARY KEY (`id`)
) ENGINE=MyISAM AUTO_INCREMENT=6 DEFAULT CHARSET=utf8mb3 COLLATE=utf8_unicode_ci;

--
-- Dumping data for table `typles_publication`
--

INSERT INTO `typles_publication` (`id`, `title`, `create_at`, `create_up`, `active`) VALUES
(1, 'Reseach Report', '2024-10-04 09:21:04', '2024-10-04 09:21:04', 1),
(2, 'International Publication', '2024-10-04 09:23:32', '2024-10-04 09:23:32', 1),
(3, 'Center Journal', '2024-10-04 09:23:32', '2024-10-04 09:23:32', 1),
(4, 'Working Papers', '2024-10-04 09:24:19', '2024-10-04 09:24:19', 1),
(5, 'Concept Notes', '2024-10-04 09:24:19', '2024-10-04 09:24:19', 1);
COMMIT;

